{"id":4691,"date":"2024-08-08T08:50:35","date_gmt":"2024-08-08T08:50:35","guid":{"rendered":"https:\/\/www.upg-ploiesti.ro\/?page_id=4691"},"modified":"2026-01-19T13:15:07","modified_gmt":"2026-01-19T13:15:07","slug":"acreditari","status":"publish","type":"page","link":"https:\/\/www.upg-ploiesti.ro\/index.php\/acreditari\/","title":{"rendered":"Acredit\u0103ri"},"content":{"rendered":"\t\t<div data-elementor-type=\"wp-page\" data-elementor-id=\"4691\" class=\"elementor elementor-4691\">\n\t\t\t\t\t\t<section class=\"elementor-section elementor-top-section elementor-element elementor-element-5a4d5dd7 elementor-section-height-min-height elementor-section-boxed elementor-section-height-default elementor-section-items-middle wpr-particle-no wpr-jarallax-no wpr-parallax-no wpr-sticky-section-no\" data-id=\"5a4d5dd7\" data-element_type=\"section\" data-e-type=\"section\">\n\t\t\t\t\t\t<div class=\"elementor-container elementor-column-gap-default\">\n\t\t\t\t\t<div class=\"elementor-column elementor-col-100 elementor-top-column elementor-element elementor-element-234f8e4c ot-flex-column-vertical\" data-id=\"234f8e4c\" data-element_type=\"column\" data-e-type=\"column\">\n\t\t\t<div class=\"elementor-widget-wrap elementor-element-populated\">\n\t\t\t\t\t\t<div class=\"elementor-element elementor-element-1c352c3a elementor-widget elementor-widget-text-editor\" data-id=\"1c352c3a\" data-element_type=\"widget\" data-e-type=\"widget\" data-widget_type=\"text-editor.default\">\n\t\t\t\t<div class=\"elementor-widget-container\">\n\t\t\t\t\t\t\t\t\t<p><span style=\"color: #000000;\"><\/span><\/p>\n<p style=\"text-align: justify;\"><span style=\"color: #000000;\">Acreditare ARACIS 2020 &#8211; <span style=\"color: #3366ff;\"><a style=\"color: #3366ff;\" href=\"http:\/\/www.upg-ploiesti.ro\/wp-content\/uploads\/2024\/11\/aracis_grad_evaluare.pdf\">GRAD DE \u00ceNCREDERE RIDICAT<\/a><\/span><\/span><\/p>\n<p><span style=\"color: #000000;\">\u00a0 \u00a0 \u00a0 \u00a0 \u00a0 \u00a0 \u00a0 \u00a0 \u00a0 \u00a0 \u00a0 \u00a0 \u00a0 \u00a0 \u00a0 \u00a0 \u00a0 2025 &#8211; <span style=\"color: #3366ff;\"><a style=\"color: #3366ff;\" href=\"https:\/\/www.upg-ploiesti.ro\/wp-content\/uploads\/2026\/01\/doc00945920260119163322.pdf\">GRAD DE INCREDERE RIDICAT<\/a><\/span><\/span><\/p>\n<p><span style=\"color: #000000;\"><\/span><\/p>\n<p style=\"text-indent: 30px; text-align: justify;\"><span style=\"color: #000000;\">Prin serviciile educa\u0163ionale oferite \u0219i prin activitatea de cercetare desf\u0103\u0219urat\u0103, Universitatea Petrol-Gaze din Ploie\u015fti a primit recunoa\u015fterea oficial\u0103 a nivelului de calitate pe care \u00eel asigur\u0103 prin ob\u021binerea calificativului GRAD DE \u00ceNCREDERE RIDICAT acordat de Agen\u0163ia Rom\u00e2n\u0103 de Asigurare a Calit\u0103\u0163ii \u00een \u00cenv\u0103\u0163\u0103m\u00e2ntul Superior \u00een urma evalu\u0103rii institu\u021bionale \u0219i a Certificatului de conformitate a Sistemului de Management al Calit\u0103\u021bii cu <a style=\"color: #000000;\" href=\"http:\/\/www.upg-ploiesti.ro\/wp-content\/uploads\/2024\/11\/Certificat-ISO-9001.2015-UPG.pdf\">SR EN ISO 9001<\/a>: 2008 \u0219i EN ISO 9001:2008, acordat de AEROQ.<\/span><\/p>\n<p><span style=\"color: #000000;\"><\/span><\/p>\t\t\t\t\t\t\t\t<\/div>\n\t\t\t\t<\/div>\n\t\t\t\t\t<\/div>\n\t\t<\/div>\n\t\t\t\t\t<\/div>\n\t\t<\/section>\n\t\t\t\t<\/div>\n\t\t","protected":false},"excerpt":{"rendered":"<p>Acreditare ARACIS 2020 &#8211; GRAD DE \u00ceNCREDERE RIDICAT \u00a0 \u00a0 \u00a0 \u00a0 \u00a0 \u00a0 \u00a0 \u00a0 \u00a0 \u00a0 \u00a0 \u00a0 \u00a0 \u00a0 \u00a0 \u00a0 \u00a0 2025 &#8211; GRAD DE INCREDERE RIDICAT Prin serviciile educa\u0163ionale oferite \u0219i prin activitatea de cercetare desf\u0103\u0219urat\u0103, Universitatea Petrol-Gaze din Ploie\u015fti a primit recunoa\u015fterea oficial\u0103 a nivelului de calitate pe care \u00eel asigur\u0103 prin ob\u021binerea calificativului GRAD DE \u00ceNCREDERE RIDICAT acordat de Agen\u0163ia Rom\u00e2n\u0103 de Asigurare a Calit\u0103\u0163ii \u00een \u00cenv\u0103\u0163\u0103m\u00e2ntul Superior \u00een urma evalu\u0103rii institu\u021bionale \u0219i a Certificatului de conformitate a Sistemului de Management al Calit\u0103\u021bii cu SR EN ISO 9001: 2008 \u0219i EN ISO 9001:2008, acordat de AEROQ.<\/p>\n","protected":false},"author":1,"featured_media":0,"parent":0,"menu_order":0,"comment_status":"closed","ping_status":"closed","template":"","meta":{"_monsterinsights_skip_tracking":false,"_monsterinsights_sitenote_active":false,"_monsterinsights_sitenote_note":"","_monsterinsights_sitenote_category":0,"footnotes":""},"class_list":["post-4691","page","type-page","status-publish","hentry"],"_links":{"self":[{"href":"https:\/\/www.upg-ploiesti.ro\/index.php\/wp-json\/wp\/v2\/pages\/4691","targetHints":{"allow":["GET"]}}],"collection":[{"href":"https:\/\/www.upg-ploiesti.ro\/index.php\/wp-json\/wp\/v2\/pages"}],"about":[{"href":"https:\/\/www.upg-ploiesti.ro\/index.php\/wp-json\/wp\/v2\/types\/page"}],"author":[{"embeddable":true,"href":"https:\/\/www.upg-ploiesti.ro\/index.php\/wp-json\/wp\/v2\/users\/1"}],"replies":[{"embeddable":true,"href":"https:\/\/www.upg-ploiesti.ro\/index.php\/wp-json\/wp\/v2\/comments?post=4691"}],"version-history":[{"count":29,"href":"https:\/\/www.upg-ploiesti.ro\/index.php\/wp-json\/wp\/v2\/pages\/4691\/revisions"}],"predecessor-version":[{"id":16314,"href":"https:\/\/www.upg-ploiesti.ro\/index.php\/wp-json\/wp\/v2\/pages\/4691\/revisions\/16314"}],"wp:attachment":[{"href":"https:\/\/www.upg-ploiesti.ro\/index.php\/wp-json\/wp\/v2\/media?parent=4691"}],"curies":[{"name":"wp","href":"https:\/\/api.w.org\/{rel}","templated":true}]}}