{"id":4728,"date":"2024-08-08T09:02:37","date_gmt":"2024-08-08T09:02:37","guid":{"rendered":"https:\/\/www.upg-ploiesti.ro\/?page_id=4728"},"modified":"2025-03-31T11:13:40","modified_gmt":"2025-03-31T11:13:40","slug":"plan-operational","status":"publish","type":"page","link":"https:\/\/www.upg-ploiesti.ro\/index.php\/plan-operational\/","title":{"rendered":"Plan opera\u021bional"},"content":{"rendered":"\t\t<div data-elementor-type=\"wp-page\" data-elementor-id=\"4728\" class=\"elementor elementor-4728\">\n\t\t\t\t<div class=\"elementor-element elementor-element-8c3d6f9 e-flex e-con-boxed wpr-particle-no wpr-jarallax-no wpr-parallax-no wpr-sticky-section-no wpr-equal-height-no e-con e-parent\" data-id=\"8c3d6f9\" data-element_type=\"container\" data-e-type=\"container\">\n\t\t\t\t\t<div class=\"e-con-inner\">\n\t\t\t\t<div class=\"elementor-element elementor-element-686a5a8 elementor-widget elementor-widget-spacer\" data-id=\"686a5a8\" data-element_type=\"widget\" data-e-type=\"widget\" data-widget_type=\"spacer.default\">\n\t\t\t\t<div class=\"elementor-widget-container\">\n\t\t\t\t\t\t\t<div class=\"elementor-spacer\">\n\t\t\t<div class=\"elementor-spacer-inner\"><\/div>\n\t\t<\/div>\n\t\t\t\t\t\t<\/div>\n\t\t\t\t<\/div>\n\t\t\t\t<div class=\"elementor-element elementor-element-08cf80b elementor-widget elementor-widget-text-editor\" data-id=\"08cf80b\" data-element_type=\"widget\" data-e-type=\"widget\" data-widget_type=\"text-editor.default\">\n\t\t\t\t<div class=\"elementor-widget-container\">\n\t\t\t\t\t\t\t\t\t<p><span style=\"color: #000000;\">Planul opera\u0163ional al Universit\u0103\u0163ii Petrol-Gaze din Ploie\u015fti se elaboreaz\u0103 pentru o perioad\u0103 de un an calendaristic, \u00een concordan\u0163\u0103\u00a0cu Planul\u00a0strategic al Universit\u0103\u0163ii Petrol-Gaze din Ploie\u015fti.<\/span><\/p><p><span style=\"color: #000000;\">Planul opera\u0163ional fixeaz\u0103 obiectivele opera\u0163ionale corespunz\u0103toare principalelor direc\u0163ii de activitate ale universit\u0103\u0163ii.<\/span><\/p><ul><li><a href=\"http:\/\/www.upg-ploiesti.ro\/wp-content\/uploads\/2025\/03\/Plan-operational-2025-UPG-Ploiesti.pdf\"><span style=\"color: #3366ff;\">Plan opera\u021bional 2025<\/span><\/a><\/li><li><span style=\"color: #3366ff;\"><a style=\"color: #3366ff;\" href=\"http:\/\/www.upg-ploiesti.ro\/wp-content\/uploads\/2025\/03\/Plan-Operational-2024.pdf\">Plan opera\u021bional 2024<\/a><\/span><\/li><li><span style=\"color: #3366ff;\"><a style=\"color: #3366ff;\" href=\"http:\/\/www.upg-ploiesti.ro\/wp-content\/uploads\/2025\/03\/Plan-Operational-2023.pdf\">Plan opera\u021bional 2023<\/a><\/span><\/li><li><span style=\"color: #3366ff;\"><a style=\"color: #3366ff;\" href=\"http:\/\/www.upg-ploiesti.ro\/wp-content\/uploads\/2024\/09\/Plan-Operational-2022_v6_13_01_2022.pdf\">Plan Operational 2022<\/a><\/span><\/li><li><span style=\"color: #3366ff;\"><a style=\"color: #3366ff;\" href=\"http:\/\/www.upg-ploiesti.ro\/wp-content\/uploads\/2024\/09\/Plan-Operational-2021.pdf\">Plan Operational 2021<\/a><\/span><\/li><li><span style=\"color: #3366ff;\"><a style=\"color: #3366ff;\" href=\"http:\/\/www.upg-ploiesti.ro\/wp-content\/uploads\/2024\/09\/Plan-Operational-2020.pdf\">Plan Operational 2020<\/a><\/span><\/li><li><span style=\"color: #3366ff;\"><a style=\"color: #3366ff;\" href=\"http:\/\/www.upg-ploiesti.ro\/wp-content\/uploads\/2024\/09\/Plan-Operational-2019.pdf\">Plan Operational 2019<\/a><\/span><\/li><li><span style=\"color: #3366ff;\"><a style=\"color: #3366ff;\" href=\"http:\/\/www.upg-ploiesti.ro\/wp-content\/uploads\/2024\/09\/Plan-Operational-2018.pdf\">Plan Operational 2018<\/a><\/span><\/li><li><span style=\"color: #3366ff;\"><a style=\"color: #3366ff;\" href=\"http:\/\/www.upg-ploiesti.ro\/wp-content\/uploads\/2024\/09\/Plan-Operational-2017.pdf\">Plan Operational 2017<\/a><\/span><\/li><li><span style=\"color: #3366ff;\"><a style=\"color: #3366ff;\" href=\"http:\/\/www.upg-ploiesti.ro\/wp-content\/uploads\/2024\/09\/Plan_Operational_2016.pdf\">Plan Operational 2016<\/a><\/span><\/li><li><span style=\"color: #3366ff;\"><a style=\"color: #3366ff;\" href=\"http:\/\/www.upg-ploiesti.ro\/wp-content\/uploads\/2024\/09\/Plan-Operational-2015.pdf\">Plan Operational 2015<\/a><\/span><\/li><li><span style=\"color: #3366ff;\"><a style=\"color: #3366ff;\" href=\"http:\/\/www.upg-ploiesti.ro\/wp-content\/uploads\/2024\/09\/Plan-Operational-2014_1401377030.pdf\">Plan Operational 2014<\/a><\/span><\/li><li><span style=\"color: #3366ff;\"><a style=\"color: #3366ff;\" href=\"http:\/\/www.upg-ploiesti.ro\/wp-content\/uploads\/2024\/09\/plan_operational_2012_2013.pdf\">Plan Operational 2012_2013<\/a><\/span><\/li><li><span style=\"color: #3366ff;\"><a style=\"color: #3366ff;\" href=\"http:\/\/www.upg-ploiesti.ro\/wp-content\/uploads\/2024\/09\/plan_operational_2011.pdf\">Plan Operational 2011<\/a><\/span><\/li><li><span style=\"color: #3366ff;\"><a style=\"color: #3366ff;\" href=\"http:\/\/www.upg-ploiesti.ro\/wp-content\/uploads\/2024\/09\/plan_operational_2010.pdf\">Plan Operational 2010<\/a><\/span><\/li><\/ul>\t\t\t\t\t\t\t\t<\/div>\n\t\t\t\t<\/div>\n\t\t\t\t\t<\/div>\n\t\t\t\t<\/div>\n\t\t\t\t<\/div>\n\t\t","protected":false},"excerpt":{"rendered":"<p>Planul opera\u0163ional al Universit\u0103\u0163ii Petrol-Gaze din Ploie\u015fti se elaboreaz\u0103 pentru o perioad\u0103 de un an calendaristic, \u00een concordan\u0163\u0103\u00a0cu Planul\u00a0strategic al Universit\u0103\u0163ii Petrol-Gaze din Ploie\u015fti. Planul opera\u0163ional fixeaz\u0103 obiectivele opera\u0163ionale corespunz\u0103toare principalelor direc\u0163ii de activitate ale universit\u0103\u0163ii. Plan opera\u021bional 2025 Plan opera\u021bional 2024 Plan opera\u021bional 2023 Plan Operational 2022 Plan Operational 2021 Plan Operational 2020 Plan Operational 2019 Plan Operational 2018 Plan Operational 2017 Plan Operational 2016 Plan Operational 2015 Plan Operational 2014 Plan Operational 2012_2013 Plan Operational 2011 Plan Operational 2010<\/p>\n","protected":false},"author":1,"featured_media":0,"parent":0,"menu_order":0,"comment_status":"closed","ping_status":"closed","template":"","meta":{"_monsterinsights_skip_tracking":false,"_monsterinsights_sitenote_active":false,"_monsterinsights_sitenote_note":"","_monsterinsights_sitenote_category":0,"footnotes":""},"class_list":["post-4728","page","type-page","status-publish","hentry"],"_links":{"self":[{"href":"https:\/\/www.upg-ploiesti.ro\/index.php\/wp-json\/wp\/v2\/pages\/4728","targetHints":{"allow":["GET"]}}],"collection":[{"href":"https:\/\/www.upg-ploiesti.ro\/index.php\/wp-json\/wp\/v2\/pages"}],"about":[{"href":"https:\/\/www.upg-ploiesti.ro\/index.php\/wp-json\/wp\/v2\/types\/page"}],"author":[{"embeddable":true,"href":"https:\/\/www.upg-ploiesti.ro\/index.php\/wp-json\/wp\/v2\/users\/1"}],"replies":[{"embeddable":true,"href":"https:\/\/www.upg-ploiesti.ro\/index.php\/wp-json\/wp\/v2\/comments?post=4728"}],"version-history":[{"count":11,"href":"https:\/\/www.upg-ploiesti.ro\/index.php\/wp-json\/wp\/v2\/pages\/4728\/revisions"}],"predecessor-version":[{"id":12417,"href":"https:\/\/www.upg-ploiesti.ro\/index.php\/wp-json\/wp\/v2\/pages\/4728\/revisions\/12417"}],"wp:attachment":[{"href":"https:\/\/www.upg-ploiesti.ro\/index.php\/wp-json\/wp\/v2\/media?parent=4728"}],"curies":[{"name":"wp","href":"https:\/\/api.w.org\/{rel}","templated":true}]}}