{"id":4732,"date":"2024-08-08T09:03:31","date_gmt":"2024-08-08T09:03:31","guid":{"rendered":"https:\/\/www.upg-ploiesti.ro\/?page_id=4732"},"modified":"2024-12-03T08:54:00","modified_gmt":"2024-12-03T08:54:00","slug":"proiecte-europene-por-2014-2020","status":"publish","type":"page","link":"https:\/\/www.upg-ploiesti.ro\/index.php\/proiecte-europene-por-2014-2020\/","title":{"rendered":"Proiecte europene &#8211; POR 2014-2020"},"content":{"rendered":"\t\t<div data-elementor-type=\"wp-page\" data-elementor-id=\"4732\" class=\"elementor elementor-4732\">\n\t\t\t\t<div class=\"elementor-element elementor-element-1a4c490 e-flex e-con-boxed wpr-particle-no wpr-jarallax-no wpr-parallax-no wpr-sticky-section-no wpr-equal-height-no e-con e-parent\" data-id=\"1a4c490\" data-element_type=\"container\" data-e-type=\"container\">\n\t\t\t\t\t<div class=\"e-con-inner\">\n\t\t\t\t<div class=\"elementor-element elementor-element-13df4e0 elementor-widget elementor-widget-text-editor\" data-id=\"13df4e0\" data-element_type=\"widget\" data-e-type=\"widget\" data-widget_type=\"text-editor.default\">\n\t\t\t\t<div class=\"elementor-widget-container\">\n\t\t\t\t\t\t\t\t\t<p>2019:<\/p><p style=\"text-align: center;\"><span style=\"color: var( --e-global-color-text ); font-weight: var( --e-global-typography-text-font-weight ); text-align: var(--text-align);\">Titlul proiectului: <\/span><a style=\"font-weight: var( --e-global-typography-text-font-weight ); text-align: var(--text-align); background-color: #ffffff;\" href=\"http:\/\/www.upg-ploiesti.ro\/wp-content\/uploads\/2024\/09\/Macheta-site-UPG-revizuita-1-1.pdf\"><span style=\"color: #333399;\">Modernizare, dotare \u0219i recompartimentare interioar\u0103 la UPG Ploie\u0219ti \u2013 Corp I cod SMIS 125260, finan\u021bat prin Programul Opera\u0163ional Regional 2014-2020, Axa prioritar\u0103 10: \u201d\u00cembun\u0103t\u0103\u0163irea infrastructurii educa\u021bionale\u201d, Prioritatea de investi\u0163ii 10.1: \u201cInvesti\u021bii \u00een educa\u021bie, \u0219i formare, inclusiv \u00een formare profesional\u0103, pentru dob\u00e2ndirea de competen\u021be \u0219i \u00eenv\u0103\u021bare pe tot parcursul vie\u021bii prin dezvoltarea infrastructurilor de educa\u021bie \u0219i formare\u201d, Apelul de proiecte POR\/275\/10\/3\/Cre\u0219terea relevan\u021bei \u00eenv\u0103\u021b\u0103m\u00e2ntului ter\u021biar universitar \u00een rela\u021bie cu pia\u021ba for\u021bei de munc\u0103 \u0219i sectoarele economice competitive.<\/span>\u00a0<\/a><\/p>\t\t\t\t\t\t\t\t<\/div>\n\t\t\t\t<\/div>\n\t\t\t\t<div class=\"elementor-element elementor-element-5e9acc5 elementor-widget-divider--view-line elementor-widget elementor-widget-divider\" data-id=\"5e9acc5\" data-element_type=\"widget\" data-e-type=\"widget\" data-widget_type=\"divider.default\">\n\t\t\t\t<div class=\"elementor-widget-container\">\n\t\t\t\t\t\t\t<div class=\"elementor-divider\">\n\t\t\t<span class=\"elementor-divider-separator\">\n\t\t\t\t\t\t<\/span>\n\t\t<\/div>\n\t\t\t\t\t\t<\/div>\n\t\t\t\t<\/div>\n\t\t\t\t<div class=\"elementor-element elementor-element-00b0932 elementor-widget elementor-widget-text-editor\" data-id=\"00b0932\" data-element_type=\"widget\" data-e-type=\"widget\" data-widget_type=\"text-editor.default\">\n\t\t\t\t<div class=\"elementor-widget-container\">\n\t\t\t\t\t\t\t\t\t<p style=\"text-align: center;\">PROIECT cod SMIS 127978:\u00a0<a href=\"https:\/\/www.upg-ploiesti.ro\/sites\/default\/files\/prezentare\/programe\/2021\/site_SMIS127978.pdf\">\u201e <\/a><span style=\"color: #333399;\"><a style=\"color: #333399;\" href=\"http:\/\/www.upg-ploiesti.ro\/wp-content\/uploads\/2024\/09\/site_SMIS127978.pdf\">Extindere, reabilitare, modernizare \u0219i dotarea spa\u021biilor de \u00eenv\u0103\u021b\u0103m\u00e2nt compuse din corpurile C 20 \u2013laboratoare, C21 \u2013 laboratoare foraj 1, C22 \u2013 laboratoare foraj 2, C23 \u2013 post trafo, C24 &#8211; magazie \u0219i C25\u2013 corp de leg\u0103tur\u0103, aferente specialit\u0103\u021bilor de inginerie de petrol \u0219i gaze\u201d<\/a><\/span><\/p><p>\u00a0<\/p>\t\t\t\t\t\t\t\t<\/div>\n\t\t\t\t<\/div>\n\t\t\t\t\t<\/div>\n\t\t\t\t<\/div>\n\t\t\t\t<\/div>\n\t\t","protected":false},"excerpt":{"rendered":"<p>2019: Titlul proiectului: Modernizare, dotare \u0219i recompartimentare interioar\u0103 la UPG Ploie\u0219ti \u2013 Corp I cod SMIS 125260, finan\u021bat prin Programul Opera\u0163ional Regional 2014-2020, Axa prioritar\u0103 10: \u201d\u00cembun\u0103t\u0103\u0163irea infrastructurii educa\u021bionale\u201d, Prioritatea de investi\u0163ii 10.1: \u201cInvesti\u021bii \u00een educa\u021bie, \u0219i formare, inclusiv \u00een formare profesional\u0103, pentru dob\u00e2ndirea de competen\u021be \u0219i \u00eenv\u0103\u021bare pe tot parcursul vie\u021bii prin dezvoltarea infrastructurilor de educa\u021bie \u0219i formare\u201d, Apelul de proiecte POR\/275\/10\/3\/Cre\u0219terea relevan\u021bei \u00eenv\u0103\u021b\u0103m\u00e2ntului ter\u021biar universitar \u00een rela\u021bie cu pia\u021ba for\u021bei de munc\u0103 \u0219i sectoarele economice competitive.\u00a0 PROIECT cod SMIS 127978:\u00a0\u201e Extindere, reabilitare, modernizare \u0219i dotarea spa\u021biilor de \u00eenv\u0103\u021b\u0103m\u00e2nt compuse din corpurile C 20 \u2013laboratoare, C21 \u2013 laboratoare foraj 1, C22 \u2013 laboratoare foraj 2, C23 \u2013 post trafo, C24 &#8211; magazie \u0219i C25\u2013 corp de leg\u0103tur\u0103, aferente specialit\u0103\u021bilor de inginerie de petrol \u0219i gaze\u201d \u00a0<\/p>\n","protected":false},"author":1,"featured_media":0,"parent":0,"menu_order":0,"comment_status":"closed","ping_status":"closed","template":"","meta":{"_monsterinsights_skip_tracking":false,"_monsterinsights_sitenote_active":false,"_monsterinsights_sitenote_note":"","_monsterinsights_sitenote_category":0,"footnotes":""},"class_list":["post-4732","page","type-page","status-publish","hentry"],"_links":{"self":[{"href":"https:\/\/www.upg-ploiesti.ro\/index.php\/wp-json\/wp\/v2\/pages\/4732","targetHints":{"allow":["GET"]}}],"collection":[{"href":"https:\/\/www.upg-ploiesti.ro\/index.php\/wp-json\/wp\/v2\/pages"}],"about":[{"href":"https:\/\/www.upg-ploiesti.ro\/index.php\/wp-json\/wp\/v2\/types\/page"}],"author":[{"embeddable":true,"href":"https:\/\/www.upg-ploiesti.ro\/index.php\/wp-json\/wp\/v2\/users\/1"}],"replies":[{"embeddable":true,"href":"https:\/\/www.upg-ploiesti.ro\/index.php\/wp-json\/wp\/v2\/comments?post=4732"}],"version-history":[{"count":17,"href":"https:\/\/www.upg-ploiesti.ro\/index.php\/wp-json\/wp\/v2\/pages\/4732\/revisions"}],"predecessor-version":[{"id":12039,"href":"https:\/\/www.upg-ploiesti.ro\/index.php\/wp-json\/wp\/v2\/pages\/4732\/revisions\/12039"}],"wp:attachment":[{"href":"https:\/\/www.upg-ploiesti.ro\/index.php\/wp-json\/wp\/v2\/media?parent=4732"}],"curies":[{"name":"wp","href":"https:\/\/api.w.org\/{rel}","templated":true}]}}