{"id":4759,"date":"2024-08-08T09:24:54","date_gmt":"2024-08-08T09:24:54","guid":{"rendered":"https:\/\/www.upg-ploiesti.ro\/?page_id=4759"},"modified":"2025-12-18T07:45:19","modified_gmt":"2025-12-18T07:45:19","slug":"obiective-in-domeniul-calitatii","status":"publish","type":"page","link":"https:\/\/www.upg-ploiesti.ro\/index.php\/obiective-in-domeniul-calitatii\/","title":{"rendered":"OBIECTIVE IN DOMENIUL CALITATII"},"content":{"rendered":"\t\t<div data-elementor-type=\"wp-page\" data-elementor-id=\"4759\" class=\"elementor elementor-4759\">\n\t\t\t\t<div class=\"elementor-element elementor-element-59c58f9 e-flex e-con-boxed wpr-particle-no wpr-jarallax-no wpr-parallax-no wpr-sticky-section-no wpr-equal-height-no e-con e-parent\" data-id=\"59c58f9\" data-element_type=\"container\" data-e-type=\"container\">\n\t\t\t\t\t<div class=\"e-con-inner\">\n\t\t\t\t<div class=\"elementor-element elementor-element-9b22e55 elementor-widget elementor-widget-spacer\" data-id=\"9b22e55\" data-element_type=\"widget\" data-e-type=\"widget\" data-widget_type=\"spacer.default\">\n\t\t\t\t<div class=\"elementor-widget-container\">\n\t\t\t\t\t\t\t<div class=\"elementor-spacer\">\n\t\t\t<div class=\"elementor-spacer-inner\"><\/div>\n\t\t<\/div>\n\t\t\t\t\t\t<\/div>\n\t\t\t\t<\/div>\n\t\t\t\t<div class=\"elementor-element elementor-element-3bd084d elementor-widget elementor-widget-text-editor\" data-id=\"3bd084d\" data-element_type=\"widget\" data-e-type=\"widget\" data-widget_type=\"text-editor.default\">\n\t\t\t\t<div class=\"elementor-widget-container\">\n\t\t\t\t\t\t\t\t\t<div>\u00a0 \u00a0 \u00a0 \u00a0 Obiectivele propuse la nivelul universit\u0103\u0163ii sunt expresia politicii calit\u0103\u0163ii \u015fi reflect\u0103 angajamentul conducerii organiza\u0163iei de a urm\u0103ri \u00eembun\u0103t\u0103\u0163irea continu\u0103 a calit\u0103\u0163ii proceselor ce au loc \u00een cadrul institu\u0163iei.<\/div><div>\u00a0\u00a0\u00a0\u00a0\u00a0\u00a0\u00a0 Ca rezultat al unui proces de planificare strategic\u0103, la nivelul proceselor derulate \u00een cadrul universit\u0103\u0163ii sunt stabilite, anual, obiective m\u0103surabile pentru func\u0163ii \u015fi niveluri relevante.<\/div><div>\u00a0<\/div><div><strong>Obiective<\/strong>:<\/div><ul><li style=\"list-style-type: none;\"><ul><li><span style=\"color: #3366ff;\"><a style=\"color: #3366ff;\" href=\"https:\/\/www.upg-ploiesti.ro\/wp-content\/uploads\/2025\/12\/OBIECTIVE-ACTIVITATI-INDICATORI-2026.pdf\">OBIECTIVE-ACTIVITATI-INDICATORI 2026<\/a><\/span><\/li><li><span style=\"color: #3366ff;\"><a style=\"color: #3366ff;\" href=\"http:\/\/www.upg-ploiesti.ro\/wp-content\/uploads\/2025\/04\/OBIECTIVE-ACTIVITATI-INDICATORI-2025.pdf\">OBIECTIVE-ACTIVITATI-INDICATORI 2025<\/a><\/span><\/li><li><span style=\"color: #3366ff;\"><a style=\"color: #3366ff;\" href=\"http:\/\/www.upg-ploiesti.ro\/wp-content\/uploads\/2024\/09\/OBIECTIVE-ACTIVITATI-INDICATORI-2024.pdf\">OBIECTIVE-ACTIVITATI-INDICATORI 2024<\/a><\/span><\/li><li><span style=\"color: #3366ff;\"><a style=\"color: #3366ff;\" href=\"http:\/\/www.upg-ploiesti.ro\/wp-content\/uploads\/2024\/09\/OBIECTIVE-ACTIVITATI-INDICATORI-2023.pdf\">OBIECTIVE-ACTIVITATI-INDICATORI 2023<\/a><\/span><\/li><li><span style=\"color: #3366ff;\"><a style=\"color: #3366ff;\" href=\"http:\/\/www.upg-ploiesti.ro\/wp-content\/uploads\/2024\/09\/Obiectivele-activitatile-si-indicatorii-asociati-Planului-Operational-pentru-anul-2022.pdf\">Obiectivele, activitatile si indicatorii asociati Planului Operational pentru anul 2022<\/a><\/span><\/li><\/ul><\/li><\/ul>\t\t\t\t\t\t\t\t<\/div>\n\t\t\t\t<\/div>\n\t\t\t\t<div class=\"elementor-element elementor-element-531cc37 elementor-widget elementor-widget-spacer\" data-id=\"531cc37\" data-element_type=\"widget\" data-e-type=\"widget\" data-widget_type=\"spacer.default\">\n\t\t\t\t<div class=\"elementor-widget-container\">\n\t\t\t\t\t\t\t<div class=\"elementor-spacer\">\n\t\t\t<div class=\"elementor-spacer-inner\"><\/div>\n\t\t<\/div>\n\t\t\t\t\t\t<\/div>\n\t\t\t\t<\/div>\n\t\t\t\t\t<\/div>\n\t\t\t\t<\/div>\n\t\t\t\t<\/div>\n\t\t","protected":false},"excerpt":{"rendered":"<p>\u00a0 \u00a0 \u00a0 \u00a0 Obiectivele propuse la nivelul universit\u0103\u0163ii sunt expresia politicii calit\u0103\u0163ii \u015fi reflect\u0103 angajamentul conducerii organiza\u0163iei de a urm\u0103ri \u00eembun\u0103t\u0103\u0163irea continu\u0103 a calit\u0103\u0163ii proceselor ce au loc \u00een cadrul institu\u0163iei.\u00a0\u00a0\u00a0\u00a0\u00a0\u00a0\u00a0 Ca rezultat al unui proces de planificare strategic\u0103, la nivelul proceselor derulate \u00een cadrul universit\u0103\u0163ii sunt stabilite, anual, obiective m\u0103surabile pentru func\u0163ii \u015fi niveluri relevante.\u00a0Obiective: OBIECTIVE-ACTIVITATI-INDICATORI 2026 OBIECTIVE-ACTIVITATI-INDICATORI 2025 OBIECTIVE-ACTIVITATI-INDICATORI 2024 OBIECTIVE-ACTIVITATI-INDICATORI 2023 Obiectivele, activitatile si indicatorii asociati Planului Operational pentru anul 2022<\/p>\n","protected":false},"author":1,"featured_media":0,"parent":0,"menu_order":0,"comment_status":"closed","ping_status":"closed","template":"","meta":{"_monsterinsights_skip_tracking":false,"_monsterinsights_sitenote_active":false,"_monsterinsights_sitenote_note":"","_monsterinsights_sitenote_category":0,"footnotes":""},"class_list":["post-4759","page","type-page","status-publish","hentry"],"_links":{"self":[{"href":"https:\/\/www.upg-ploiesti.ro\/index.php\/wp-json\/wp\/v2\/pages\/4759","targetHints":{"allow":["GET"]}}],"collection":[{"href":"https:\/\/www.upg-ploiesti.ro\/index.php\/wp-json\/wp\/v2\/pages"}],"about":[{"href":"https:\/\/www.upg-ploiesti.ro\/index.php\/wp-json\/wp\/v2\/types\/page"}],"author":[{"embeddable":true,"href":"https:\/\/www.upg-ploiesti.ro\/index.php\/wp-json\/wp\/v2\/users\/1"}],"replies":[{"embeddable":true,"href":"https:\/\/www.upg-ploiesti.ro\/index.php\/wp-json\/wp\/v2\/comments?post=4759"}],"version-history":[{"count":10,"href":"https:\/\/www.upg-ploiesti.ro\/index.php\/wp-json\/wp\/v2\/pages\/4759\/revisions"}],"predecessor-version":[{"id":16205,"href":"https:\/\/www.upg-ploiesti.ro\/index.php\/wp-json\/wp\/v2\/pages\/4759\/revisions\/16205"}],"wp:attachment":[{"href":"https:\/\/www.upg-ploiesti.ro\/index.php\/wp-json\/wp\/v2\/media?parent=4759"}],"curies":[{"name":"wp","href":"https:\/\/api.w.org\/{rel}","templated":true}]}}