{"id":4761,"date":"2024-08-08T09:25:07","date_gmt":"2024-08-08T09:25:07","guid":{"rendered":"https:\/\/www.upg-ploiesti.ro\/?page_id=4761"},"modified":"2025-09-23T19:52:28","modified_gmt":"2025-09-23T19:52:28","slug":"raport-anual-de-activitate","status":"publish","type":"page","link":"https:\/\/www.upg-ploiesti.ro\/index.php\/raport-anual-de-activitate\/","title":{"rendered":"RAPORT ANUAL DE ACTIVITATE"},"content":{"rendered":"\t\t<div data-elementor-type=\"wp-page\" data-elementor-id=\"4761\" class=\"elementor elementor-4761\">\n\t\t\t\t<div class=\"elementor-element elementor-element-36081e4 e-flex e-con-boxed wpr-particle-no wpr-jarallax-no wpr-parallax-no wpr-sticky-section-no wpr-equal-height-no e-con e-parent\" data-id=\"36081e4\" data-element_type=\"container\" data-e-type=\"container\">\n\t\t\t\t\t<div class=\"e-con-inner\">\n\t\t\t\t<div class=\"elementor-element elementor-element-b4152aa elementor-widget elementor-widget-text-editor\" data-id=\"b4152aa\" data-element_type=\"widget\" data-e-type=\"widget\" data-widget_type=\"text-editor.default\">\n\t\t\t\t<div class=\"elementor-widget-container\">\n\t\t\t\t\t\t\t\t\t<p>Conducerea Universit\u0103\u0163ii Petrol-Gaze din Ploie\u015fti informeaz\u0103, periodic, \u00een leg\u0103tura cu stadiul \u00eendeplinirii obiectivelor \u00een domeniul managementului calit\u0103\u0163ii. Raportul de analiz\u0103 efectuat\u0103 de management\u00a0are la baz\u0103 rezultatele monitoriz\u0103rii proceselor \u015fi dovezile furnizate de rapoartele de audit intern.<\/p><ul><li><span style=\"color: #3366ff;\"><a style=\"color: #3366ff;\" href=\"https:\/\/www.upg-ploiesti.ro\/wp-content\/uploads\/2025\/09\/Raport-Analiza-Efectuata-de-Management-2025-an-universitar-2023-2024.pdf\">Raport Analiza Efectuata de Management 2024<\/a><\/span><\/li><li><span style=\"color: #3366ff;\"><a style=\"color: #3366ff;\" href=\"https:\/\/www.upg-ploiesti.ro\/wp-content\/uploads\/2025\/09\/MASURI-DE-IMBUNATATIRE-REZULTATE-DIN-ANALIZA-EFECTUATA-DE-MANAGEMENT-02.07.2025.pdf\">Masuri de imbunatatire rezultate din AEM 2024<\/a><\/span><\/li><li><span style=\"color: #3366ff;\"><a style=\"color: #3366ff;\" href=\"http:\/\/www.upg-ploiesti.ro\/wp-content\/uploads\/2024\/09\/Raport-Analiza-Efectuata-de-Management-2023.docx.pdf\">Raport Analiza Efectuata de Management 2023<\/a><\/span><\/li><li><span style=\"color: #3366ff;\"><a style=\"color: #3366ff;\" href=\"http:\/\/www.upg-ploiesti.ro\/wp-content\/uploads\/2024\/09\/Masuri-de-imbunatatire-rezultate-din-AEM-2023.pdf\">Masuri de imbunata\u021bire rezultate din AEM 2023<\/a><\/span><\/li><li><span style=\"color: #3366ff;\"><a style=\"color: #3366ff;\" href=\"http:\/\/www.upg-ploiesti.ro\/wp-content\/uploads\/2024\/09\/Raport-Analiza-Efectuata-de-Management-2022.pdf\">Raport Analiza Efectuata de Management 2022<\/a><\/span><\/li><li><span style=\"color: #3366ff;\"><a style=\"color: #3366ff;\" href=\"http:\/\/www.upg-ploiesti.ro\/wp-content\/uploads\/2024\/09\/Masuri-de-imbunatatire-rezultate-din-Analiza-Efectuata-de-Management-2022.pdf\">Masuri de \u00eembunatatire rezultate din Analiza Efectuata de Management 2022<\/a><\/span><\/li><\/ul>\t\t\t\t\t\t\t\t<\/div>\n\t\t\t\t<\/div>\n\t\t\t\t\t<\/div>\n\t\t\t\t<\/div>\n\t\t\t\t<\/div>\n\t\t","protected":false},"excerpt":{"rendered":"<p>Conducerea Universit\u0103\u0163ii Petrol-Gaze din Ploie\u015fti informeaz\u0103, periodic, \u00een leg\u0103tura cu stadiul \u00eendeplinirii obiectivelor \u00een domeniul managementului calit\u0103\u0163ii. Raportul de analiz\u0103 efectuat\u0103 de management\u00a0are la baz\u0103 rezultatele monitoriz\u0103rii proceselor \u015fi dovezile furnizate de rapoartele de audit intern. Raport Analiza Efectuata de Management 2024 Masuri de imbunatatire rezultate din AEM 2024 Raport Analiza Efectuata de Management 2023 Masuri de imbunata\u021bire rezultate din AEM 2023 Raport Analiza Efectuata de Management 2022 Masuri de \u00eembunatatire rezultate din Analiza Efectuata de Management 2022<\/p>\n","protected":false},"author":1,"featured_media":0,"parent":0,"menu_order":0,"comment_status":"closed","ping_status":"closed","template":"","meta":{"_monsterinsights_skip_tracking":false,"_monsterinsights_sitenote_active":false,"_monsterinsights_sitenote_note":"","_monsterinsights_sitenote_category":0,"footnotes":""},"class_list":["post-4761","page","type-page","status-publish","hentry"],"_links":{"self":[{"href":"https:\/\/www.upg-ploiesti.ro\/index.php\/wp-json\/wp\/v2\/pages\/4761","targetHints":{"allow":["GET"]}}],"collection":[{"href":"https:\/\/www.upg-ploiesti.ro\/index.php\/wp-json\/wp\/v2\/pages"}],"about":[{"href":"https:\/\/www.upg-ploiesti.ro\/index.php\/wp-json\/wp\/v2\/types\/page"}],"author":[{"embeddable":true,"href":"https:\/\/www.upg-ploiesti.ro\/index.php\/wp-json\/wp\/v2\/users\/1"}],"replies":[{"embeddable":true,"href":"https:\/\/www.upg-ploiesti.ro\/index.php\/wp-json\/wp\/v2\/comments?post=4761"}],"version-history":[{"count":10,"href":"https:\/\/www.upg-ploiesti.ro\/index.php\/wp-json\/wp\/v2\/pages\/4761\/revisions"}],"predecessor-version":[{"id":15387,"href":"https:\/\/www.upg-ploiesti.ro\/index.php\/wp-json\/wp\/v2\/pages\/4761\/revisions\/15387"}],"wp:attachment":[{"href":"https:\/\/www.upg-ploiesti.ro\/index.php\/wp-json\/wp\/v2\/media?parent=4761"}],"curies":[{"name":"wp","href":"https:\/\/api.w.org\/{rel}","templated":true}]}}