{"id":4770,"date":"2024-08-08T09:29:29","date_gmt":"2024-08-08T09:29:29","guid":{"rendered":"https:\/\/www.upg-ploiesti.ro\/?page_id=4770"},"modified":"2025-12-16T07:05:43","modified_gmt":"2025-12-16T07:05:43","slug":"comisia-pentru-evaluarea-si-asigurarea-calitatii-in-upg-din-ploiesti-ceacu","status":"publish","type":"page","link":"https:\/\/www.upg-ploiesti.ro\/index.php\/comisia-pentru-evaluarea-si-asigurarea-calitatii-in-upg-din-ploiesti-ceacu\/","title":{"rendered":"COMISIA PENTRU EVALUAREA SI ASIGURAREA CALITATII IN UPG DIN PLOIESTI (CEACU)"},"content":{"rendered":"\t\t<div data-elementor-type=\"wp-page\" data-elementor-id=\"4770\" class=\"elementor elementor-4770\">\n\t\t\t\t<div class=\"elementor-element elementor-element-dc5f041 e-flex e-con-boxed wpr-particle-no wpr-jarallax-no wpr-parallax-no wpr-sticky-section-no wpr-equal-height-no e-con e-parent\" data-id=\"dc5f041\" data-element_type=\"container\" data-e-type=\"container\">\n\t\t\t\t\t<div class=\"e-con-inner\">\n\t\t\t\t<div class=\"elementor-element elementor-element-c6b9288 elementor-widget elementor-widget-spacer\" data-id=\"c6b9288\" data-element_type=\"widget\" data-e-type=\"widget\" data-widget_type=\"spacer.default\">\n\t\t\t\t<div class=\"elementor-widget-container\">\n\t\t\t\t\t\t\t<div class=\"elementor-spacer\">\n\t\t\t<div class=\"elementor-spacer-inner\"><\/div>\n\t\t<\/div>\n\t\t\t\t\t\t<\/div>\n\t\t\t\t<\/div>\n\t\t\t\t<div class=\"elementor-element elementor-element-b7901f8 elementor-widget elementor-widget-text-editor\" data-id=\"b7901f8\" data-element_type=\"widget\" data-e-type=\"widget\" data-widget_type=\"text-editor.default\">\n\t\t\t\t<div class=\"elementor-widget-container\">\n\t\t\t\t\t\t\t\t\t<p>La nivelul UPG, prin decizie a Rectorului \u015fi cu aprobarea Senatului , au fost \u00eenfiin\u0163ate \u015fi func\u0163ioneaz\u0103 din 2005 urm\u0103toarele structuri organizatorice specifice managementului calit\u0103\u0163ii:<\/p><ul><li>Comisia pentru evaluarea \u015fi asigurarea calit\u0103\u0163ii \u00een UPG din Ploie\u015fti (CEACU),<\/li><li>Serviciul de Management al Calit\u0103\u0163ii (SMCU).<\/li><li>Comisia de Monitorizare Interna (CMI)<\/li><\/ul><ul><li style=\"list-style-type: none;\"><ul><li><span style=\"color: #3366ff;\"><a style=\"color: #3366ff;\" href=\"https:\/\/www.upg-ploiesti.ro\/wp-content\/uploads\/2025\/12\/Decizie-CEACU.pdf\">Decizie numire CEACU<\/a><\/span><\/li><li><span style=\"color: #3366ff;\"><a style=\"color: #3366ff;\" href=\"https:\/\/www.upg-ploiesti.ro\/wp-content\/uploads\/2025\/12\/RAPORT-CEACU-UPG-2023-2024.pdf\">Raport CEACU 2023-2024<\/a><\/span><\/li><li><span style=\"color: #3366ff;\"><a style=\"color: #3366ff;\" href=\"http:\/\/www.upg-ploiesti.ro\/wp-content\/uploads\/2025\/04\/Raport-CEACU_2022_2023.pdf\">Raport CEACU 2022-2023<\/a><\/span><\/li><li><span style=\"color: #3366ff;\"><a style=\"color: #3366ff;\" href=\"http:\/\/www.upg-ploiesti.ro\/wp-content\/uploads\/2024\/09\/Raport-CEACU-2021-2022.pdf\">Raport CEACU 2021-2022<\/a><\/span><\/li><li><span style=\"color: #3366ff;\"><a style=\"color: #3366ff;\" href=\"http:\/\/www.upg-ploiesti.ro\/wp-content\/uploads\/2024\/09\/RAPORT-CEACU-UPG-2020-2021.pdf\">RAPORT CEACU UPG 2020-2021<\/a><\/span><\/li><li><span style=\"color: #3366ff;\"><a style=\"color: #3366ff;\" href=\"http:\/\/www.upg-ploiesti.ro\/wp-content\/uploads\/2024\/09\/RAPORT-CEACU-UPG-2019-2020.pdf\">RAPORT CEACU UPG 2019-2020<\/a><\/span><\/li><li><span style=\"color: #3366ff;\"><a style=\"color: #3366ff;\" href=\"http:\/\/www.upg-ploiesti.ro\/wp-content\/uploads\/2024\/09\/RAPORT-CEACU-UPG-2018-2019.pdf\">RAPORT CEACU UPG 2018-2019<\/a><\/span><\/li><li><span style=\"color: #3366ff;\"><a style=\"color: #3366ff;\" href=\"http:\/\/www.upg-ploiesti.ro\/wp-content\/uploads\/2024\/09\/Raport-CEACU-2017-2018.pdf\">Raport CEACU 2017-2018<\/a><\/span><\/li><li><span style=\"color: #3366ff;\"><a style=\"color: #3366ff;\" href=\"http:\/\/www.upg-ploiesti.ro\/wp-content\/uploads\/2024\/09\/Raport-CEACU-2016-2017.pdf\">Raport CEACU 2016-2017<\/a><\/span><\/li><\/ul><\/li><\/ul>\t\t\t\t\t\t\t\t<\/div>\n\t\t\t\t<\/div>\n\t\t\t\t\t<\/div>\n\t\t\t\t<\/div>\n\t\t\t\t<\/div>\n\t\t","protected":false},"excerpt":{"rendered":"<p>La nivelul UPG, prin decizie a Rectorului \u015fi cu aprobarea Senatului , au fost \u00eenfiin\u0163ate \u015fi func\u0163ioneaz\u0103 din 2005 urm\u0103toarele structuri organizatorice specifice managementului calit\u0103\u0163ii: Comisia pentru evaluarea \u015fi asigurarea calit\u0103\u0163ii \u00een UPG din Ploie\u015fti (CEACU), Serviciul de Management al Calit\u0103\u0163ii (SMCU). Comisia de Monitorizare Interna (CMI) Decizie numire CEACU Raport CEACU 2023-2024 Raport CEACU 2022-2023 Raport CEACU 2021-2022 RAPORT CEACU UPG 2020-2021 RAPORT CEACU UPG 2019-2020 RAPORT CEACU UPG 2018-2019 Raport CEACU 2017-2018 Raport CEACU 2016-2017<\/p>\n","protected":false},"author":1,"featured_media":0,"parent":0,"menu_order":0,"comment_status":"closed","ping_status":"closed","template":"","meta":{"_monsterinsights_skip_tracking":false,"_monsterinsights_sitenote_active":false,"_monsterinsights_sitenote_note":"","_monsterinsights_sitenote_category":0,"footnotes":""},"class_list":["post-4770","page","type-page","status-publish","hentry"],"_links":{"self":[{"href":"https:\/\/www.upg-ploiesti.ro\/index.php\/wp-json\/wp\/v2\/pages\/4770","targetHints":{"allow":["GET"]}}],"collection":[{"href":"https:\/\/www.upg-ploiesti.ro\/index.php\/wp-json\/wp\/v2\/pages"}],"about":[{"href":"https:\/\/www.upg-ploiesti.ro\/index.php\/wp-json\/wp\/v2\/types\/page"}],"author":[{"embeddable":true,"href":"https:\/\/www.upg-ploiesti.ro\/index.php\/wp-json\/wp\/v2\/users\/1"}],"replies":[{"embeddable":true,"href":"https:\/\/www.upg-ploiesti.ro\/index.php\/wp-json\/wp\/v2\/comments?post=4770"}],"version-history":[{"count":13,"href":"https:\/\/www.upg-ploiesti.ro\/index.php\/wp-json\/wp\/v2\/pages\/4770\/revisions"}],"predecessor-version":[{"id":16191,"href":"https:\/\/www.upg-ploiesti.ro\/index.php\/wp-json\/wp\/v2\/pages\/4770\/revisions\/16191"}],"wp:attachment":[{"href":"https:\/\/www.upg-ploiesti.ro\/index.php\/wp-json\/wp\/v2\/media?parent=4770"}],"curies":[{"name":"wp","href":"https:\/\/api.w.org\/{rel}","templated":true}]}}