{"id":4774,"date":"2024-08-08T09:30:03","date_gmt":"2024-08-08T09:30:03","guid":{"rendered":"https:\/\/www.upg-ploiesti.ro\/?page_id=4774"},"modified":"2026-02-02T12:35:50","modified_gmt":"2026-02-02T12:35:50","slug":"manualul-calitatii","status":"publish","type":"page","link":"https:\/\/www.upg-ploiesti.ro\/index.php\/manualul-calitatii\/","title":{"rendered":"MANUALUL CALITATII"},"content":{"rendered":"\t\t<div data-elementor-type=\"wp-page\" data-elementor-id=\"4774\" class=\"elementor elementor-4774\">\n\t\t\t\t<div class=\"elementor-element elementor-element-2d21ce0 e-flex e-con-boxed wpr-particle-no wpr-jarallax-no wpr-parallax-no wpr-sticky-section-no wpr-equal-height-no e-con e-parent\" data-id=\"2d21ce0\" data-element_type=\"container\" data-e-type=\"container\">\n\t\t\t\t\t<div class=\"e-con-inner\">\n\t\t\t\t<div class=\"elementor-element elementor-element-54ea9fe elementor-widget elementor-widget-spacer\" data-id=\"54ea9fe\" data-element_type=\"widget\" data-e-type=\"widget\" data-widget_type=\"spacer.default\">\n\t\t\t\t<div class=\"elementor-widget-container\">\n\t\t\t\t\t\t\t<div class=\"elementor-spacer\">\n\t\t\t<div class=\"elementor-spacer-inner\"><\/div>\n\t\t<\/div>\n\t\t\t\t\t\t<\/div>\n\t\t\t\t<\/div>\n\t\t\t\t<div class=\"elementor-element elementor-element-a3e93a9 elementor-widget elementor-widget-text-editor\" data-id=\"a3e93a9\" data-element_type=\"widget\" data-e-type=\"widget\" data-widget_type=\"text-editor.default\">\n\t\t\t\t<div class=\"elementor-widget-container\">\n\t\t\t\t\t\t\t\t\t<div>\u00a0 \u00a0 \u00a0 \u00a0Universitatea Petrol-Gaze din Ploie\u015fti este o institu\u0163ie de stat de \u00eenv\u0103\u0163\u0103m\u00e2nt superior \u015fi de cercetare \u015ftiin\u0163ific\u0103 cu personalitate juridic\u0103, aflat\u0103 \u00een subordinea Ministerului Educa\u0163iei, Cercet\u0103rii, Tineretului \u015fi Sportului. Structura universit\u0103\u0163ii cuprinde facult\u0103\u0163i, departamente, catedre, centre de cercetare, asocia\u0163ii profesionale, culturale \u015fi sportive, cu infrastructura aferent\u0103, inclus\u0103 \u00een campusul universitar.<\/div><div>\u00a0\u00a0\u00a0\u00a0\u00a0\u00a0\u00a0 Universitatea Petrol-Gaze din Ploie\u015fti a aderat la Magna Charta a Universit\u0103\u0163ilor Europene de la Bologna, Italia. Carta Universit\u0103\u0163ii Petrol-Gaze din Ploie\u015fti este documentul de baz\u0103 care stabile\u015fte rolul, principiile academice, obiectivele, structura \u015fi organizarea universit\u0103\u0163ii.<\/div><div>\u00a0<\/div><ul><li style=\"list-style-type: none;\"><ul><li><strong><span style=\"color: #3366ff;\"><a style=\"color: #3366ff;\" href=\"http:\/\/www.upg-ploiesti.ro\/wp-content\/uploads\/2024\/09\/MANUALUL-CALITATII-Ed.4.pdf\">MANUALUL CALITATII Ed.4<\/a><\/span><\/strong><\/li><\/ul><\/li><\/ul>\t\t\t\t\t\t\t\t<\/div>\n\t\t\t\t<\/div>\n\t\t\t\t<div class=\"elementor-element elementor-element-9d65009 elementor-widget elementor-widget-spacer\" data-id=\"9d65009\" data-element_type=\"widget\" data-e-type=\"widget\" data-widget_type=\"spacer.default\">\n\t\t\t\t<div class=\"elementor-widget-container\">\n\t\t\t\t\t\t\t<div class=\"elementor-spacer\">\n\t\t\t<div class=\"elementor-spacer-inner\"><\/div>\n\t\t<\/div>\n\t\t\t\t\t\t<\/div>\n\t\t\t\t<\/div>\n\t\t\t\t\t<\/div>\n\t\t\t\t<\/div>\n\t\t\t\t<\/div>\n\t\t","protected":false},"excerpt":{"rendered":"<p>\u00a0 \u00a0 \u00a0 \u00a0Universitatea Petrol-Gaze din Ploie\u015fti este o institu\u0163ie de stat de \u00eenv\u0103\u0163\u0103m\u00e2nt superior \u015fi de cercetare \u015ftiin\u0163ific\u0103 cu personalitate juridic\u0103, aflat\u0103 \u00een subordinea Ministerului Educa\u0163iei, Cercet\u0103rii, Tineretului \u015fi Sportului. Structura universit\u0103\u0163ii cuprinde facult\u0103\u0163i, departamente, catedre, centre de cercetare, asocia\u0163ii profesionale, culturale \u015fi sportive, cu infrastructura aferent\u0103, inclus\u0103 \u00een campusul universitar.\u00a0\u00a0\u00a0\u00a0\u00a0\u00a0\u00a0 Universitatea Petrol-Gaze din Ploie\u015fti a aderat la Magna Charta a Universit\u0103\u0163ilor Europene de la Bologna, Italia. Carta Universit\u0103\u0163ii Petrol-Gaze din Ploie\u015fti este documentul de baz\u0103 care stabile\u015fte rolul, principiile academice, obiectivele, structura \u015fi organizarea universit\u0103\u0163ii.\u00a0 MANUALUL CALITATII Ed.4<\/p>\n","protected":false},"author":1,"featured_media":0,"parent":0,"menu_order":0,"comment_status":"closed","ping_status":"closed","template":"","meta":{"_monsterinsights_skip_tracking":false,"_monsterinsights_sitenote_active":false,"_monsterinsights_sitenote_note":"","_monsterinsights_sitenote_category":0,"footnotes":""},"class_list":["post-4774","page","type-page","status-publish","hentry"],"_links":{"self":[{"href":"https:\/\/www.upg-ploiesti.ro\/index.php\/wp-json\/wp\/v2\/pages\/4774","targetHints":{"allow":["GET"]}}],"collection":[{"href":"https:\/\/www.upg-ploiesti.ro\/index.php\/wp-json\/wp\/v2\/pages"}],"about":[{"href":"https:\/\/www.upg-ploiesti.ro\/index.php\/wp-json\/wp\/v2\/types\/page"}],"author":[{"embeddable":true,"href":"https:\/\/www.upg-ploiesti.ro\/index.php\/wp-json\/wp\/v2\/users\/1"}],"replies":[{"embeddable":true,"href":"https:\/\/www.upg-ploiesti.ro\/index.php\/wp-json\/wp\/v2\/comments?post=4774"}],"version-history":[{"count":10,"href":"https:\/\/www.upg-ploiesti.ro\/index.php\/wp-json\/wp\/v2\/pages\/4774\/revisions"}],"predecessor-version":[{"id":16424,"href":"https:\/\/www.upg-ploiesti.ro\/index.php\/wp-json\/wp\/v2\/pages\/4774\/revisions\/16424"}],"wp:attachment":[{"href":"https:\/\/www.upg-ploiesti.ro\/index.php\/wp-json\/wp\/v2\/media?parent=4774"}],"curies":[{"name":"wp","href":"https:\/\/api.w.org\/{rel}","templated":true}]}}