{"id":4782,"date":"2024-08-08T09:34:19","date_gmt":"2024-08-08T09:34:19","guid":{"rendered":"https:\/\/www.upg-ploiesti.ro\/?page_id=4782"},"modified":"2025-05-12T06:47:53","modified_gmt":"2025-05-12T06:47:53","slug":"solicitare-informatii-legislatie","status":"publish","type":"page","link":"https:\/\/www.upg-ploiesti.ro\/index.php\/solicitare-informatii-legislatie\/","title":{"rendered":"Solicitare informa\u021bii. Legisla\u021bie."},"content":{"rendered":"\t\t<div data-elementor-type=\"wp-page\" data-elementor-id=\"4782\" class=\"elementor elementor-4782\">\n\t\t\t\t<div class=\"elementor-element elementor-element-be26443 e-flex e-con-boxed wpr-particle-no wpr-jarallax-no wpr-parallax-no wpr-sticky-section-no e-con e-parent\" data-id=\"be26443\" data-element_type=\"container\" data-e-type=\"container\">\n\t\t\t\t\t<div class=\"e-con-inner\">\n\t\t\t\t<div class=\"elementor-element elementor-element-6985a16 elementor-widget elementor-widget-spacer\" data-id=\"6985a16\" data-element_type=\"widget\" data-e-type=\"widget\" data-widget_type=\"spacer.default\">\n\t\t\t\t<div class=\"elementor-widget-container\">\n\t\t\t\t\t\t\t<div class=\"elementor-spacer\">\n\t\t\t<div class=\"elementor-spacer-inner\"><\/div>\n\t\t<\/div>\n\t\t\t\t\t\t<\/div>\n\t\t\t\t<\/div>\n\t\t\t\t<div class=\"elementor-element elementor-element-d6cf9a3 elementor-widget elementor-widget-text-editor\" data-id=\"d6cf9a3\" data-element_type=\"widget\" data-e-type=\"widget\" data-widget_type=\"text-editor.default\">\n\t\t\t\t<div class=\"elementor-widget-container\">\n\t\t\t\t\t\t\t\t\t<ul><li><span style=\"color: #333399;\"><a style=\"color: #333399;\" href=\"http:\/\/www.upg-ploiesti.ro\/wp-content\/uploads\/2024\/09\/INFORMARE-PERSOANE-VIzate-UPG.pdf\">INFORMARE PRIVIND PROTEC\u0162IA DATELOR CU CARACTER PERSONAL<\/a><\/span><\/li><li><span style=\"color: #333399;\"><a style=\"color: #333399;\" href=\"http:\/\/www.upg-ploiesti.ro\/wp-content\/uploads\/2024\/09\/Legea_Educatiei_Nationale.pdf\">Legea Educa\u0163iei Na\u0163ionale nr. 1\/2011<\/a><\/span><\/li><li><span style=\"color: #333399;\"><a style=\"color: #333399;\" href=\"http:\/\/www.upg-ploiesti.ro\/wp-content\/uploads\/2024\/09\/legea-1-2011-forma-sintetica-pentru-data-2019-07-02.pdf\">Legea Educa\u0163iei Na\u0163ionale nr. 1\/2011 &#8211; forma sintetic\u0103 pentru data 2019-07-02<\/a><\/span><\/li><li><span style=\"color: #333399;\"><a style=\"color: #333399;\" href=\"http:\/\/www.upg-ploiesti.ro\/wp-content\/uploads\/2024\/09\/Legea_privind_infiintarea_organizarea_si_functionarea_Agentiei_de_integritate_nr._144_din_2007_r1.pdf\">Legea privind infiintarea, organizarea si functionarea Agentiei de integritate nr. 144 din 2007 (r1)<\/a><\/span><\/li><li><span style=\"color: #333399;\"><a style=\"color: #333399;\" href=\"http:\/\/www.upg-ploiesti.ro\/wp-content\/uploads\/2024\/09\/Legea_nr._176_din_2010_privind_integritatea_in_exercitarea_functiilor_si_demnitatilor_publice_pentru_modificarea_si_completarea_Legii_nr._144_din_2007.pdf\">Legea nr. 176 din 2010 privind integritatea \u00een exercitarea func\u0163iilor \u015fi demnit\u0103\u0163ilor publice, pentru modificarea \u015fi completarea Legii nr. 144 din 2007<\/a><\/span><\/li><li><span style=\"color: #333399;\"><a style=\"color: #333399;\" href=\"http:\/\/www.upg-ploiesti.ro\/wp-content\/uploads\/2024\/09\/Legea_consortiilor_universitare_nr._287_din_2004.pdf\">Legea consortiilor universitare nr. 287 din 2004._287_din_2004<\/a><\/span><\/li><li><span style=\"color: #333399;\"><a style=\"color: #333399;\" href=\"http:\/\/www.upg-ploiesti.ro\/wp-content\/uploads\/2024\/09\/Legea_privind_organizarea_studiilor_universitare_nr._288_din_2004.pdf\">Legea privind organizarea studiilor universitare nr. 288 din 2004._288_din_2004<\/a><\/span><\/li><li><span style=\"color: #333399;\"><a style=\"color: #333399;\" href=\"http:\/\/www.upg-ploiesti.ro\/wp-content\/uploads\/2024\/09\/Decret_de_infiintare_a_IPG_1973_1.pdf\">Decret de infiintare a IPG la Ploiesti 1973<\/a><\/span><\/li><\/ul><p>Responsabil protectia datelor cu caracter personal<br \/>Cons. Jur. Ni\u021bescu Radu-Ion<br \/><span style=\"color: #333399;\"><a style=\"color: #333399;\" href=\"mailto:protectia.datelor@upg-ploiesti.ro\" target=\"_blank\" rel=\"noopener\">protectia.datelor@upg-<wbr \/>ploiesti.ro<\/a><\/span><\/p>\t\t\t\t\t\t\t\t<\/div>\n\t\t\t\t<\/div>\n\t\t\t\t\t<\/div>\n\t\t\t\t<\/div>\n\t\t<div class=\"elementor-element elementor-element-7439188 e-flex e-con-boxed wpr-particle-no wpr-jarallax-no wpr-parallax-no wpr-sticky-section-no e-con e-parent\" data-id=\"7439188\" data-element_type=\"container\" data-e-type=\"container\">\n\t\t\t\t\t<div class=\"e-con-inner\">\n\t\t\t\t<div class=\"elementor-element elementor-element-597bc78 elementor-widget elementor-widget-spacer\" data-id=\"597bc78\" data-element_type=\"widget\" data-e-type=\"widget\" data-widget_type=\"spacer.default\">\n\t\t\t\t<div class=\"elementor-widget-container\">\n\t\t\t\t\t\t\t<div class=\"elementor-spacer\">\n\t\t\t<div class=\"elementor-spacer-inner\"><\/div>\n\t\t<\/div>\n\t\t\t\t\t\t<\/div>\n\t\t\t\t<\/div>\n\t\t\t\t\t<\/div>\n\t\t\t\t<\/div>\n\t\t\t\t<\/div>\n\t\t","protected":false},"excerpt":{"rendered":"<p>INFORMARE PRIVIND PROTEC\u0162IA DATELOR CU CARACTER PERSONAL Legea Educa\u0163iei Na\u0163ionale nr. 1\/2011 Legea Educa\u0163iei Na\u0163ionale nr. 1\/2011 &#8211; forma sintetic\u0103 pentru data 2019-07-02 Legea privind infiintarea, organizarea si functionarea Agentiei de integritate nr. 144 din 2007 (r1) Legea nr. 176 din 2010 privind integritatea \u00een exercitarea func\u0163iilor \u015fi demnit\u0103\u0163ilor publice, pentru modificarea \u015fi completarea Legii nr. 144 din 2007 Legea consortiilor universitare nr. 287 din 2004._287_din_2004 Legea privind organizarea studiilor universitare nr. 288 din 2004._288_din_2004 Decret de infiintare a IPG la Ploiesti 1973 Responsabil protectia datelor cu caracter personalCons. Jur. Ni\u021bescu Radu-Ionprotectia.datelor@upg-ploiesti.ro<\/p>\n","protected":false},"author":1,"featured_media":0,"parent":0,"menu_order":0,"comment_status":"closed","ping_status":"closed","template":"","meta":{"_monsterinsights_skip_tracking":false,"_monsterinsights_sitenote_active":false,"_monsterinsights_sitenote_note":"","_monsterinsights_sitenote_category":0,"footnotes":""},"class_list":["post-4782","page","type-page","status-publish","hentry"],"_links":{"self":[{"href":"https:\/\/www.upg-ploiesti.ro\/index.php\/wp-json\/wp\/v2\/pages\/4782","targetHints":{"allow":["GET"]}}],"collection":[{"href":"https:\/\/www.upg-ploiesti.ro\/index.php\/wp-json\/wp\/v2\/pages"}],"about":[{"href":"https:\/\/www.upg-ploiesti.ro\/index.php\/wp-json\/wp\/v2\/types\/page"}],"author":[{"embeddable":true,"href":"https:\/\/www.upg-ploiesti.ro\/index.php\/wp-json\/wp\/v2\/users\/1"}],"replies":[{"embeddable":true,"href":"https:\/\/www.upg-ploiesti.ro\/index.php\/wp-json\/wp\/v2\/comments?post=4782"}],"version-history":[{"count":14,"href":"https:\/\/www.upg-ploiesti.ro\/index.php\/wp-json\/wp\/v2\/pages\/4782\/revisions"}],"predecessor-version":[{"id":13129,"href":"https:\/\/www.upg-ploiesti.ro\/index.php\/wp-json\/wp\/v2\/pages\/4782\/revisions\/13129"}],"wp:attachment":[{"href":"https:\/\/www.upg-ploiesti.ro\/index.php\/wp-json\/wp\/v2\/media?parent=4782"}],"curies":[{"name":"wp","href":"https:\/\/api.w.org\/{rel}","templated":true}]}}