{"id":4798,"date":"2024-08-08T09:36:29","date_gmt":"2024-08-08T09:36:29","guid":{"rendered":"https:\/\/www.upg-ploiesti.ro\/?page_id=4798"},"modified":"2025-05-09T10:34:27","modified_gmt":"2025-05-09T10:34:27","slug":"achizitii-publice","status":"publish","type":"page","link":"https:\/\/www.upg-ploiesti.ro\/index.php\/achizitii-publice\/","title":{"rendered":"ACHIZITII PUBLICE"},"content":{"rendered":"\t\t<div data-elementor-type=\"wp-page\" data-elementor-id=\"4798\" class=\"elementor elementor-4798\">\n\t\t\t\t<div class=\"elementor-element elementor-element-ffa3456 e-flex e-con-boxed wpr-particle-no wpr-jarallax-no wpr-parallax-no wpr-sticky-section-no wpr-equal-height-no e-con e-parent\" data-id=\"ffa3456\" data-element_type=\"container\" data-e-type=\"container\">\n\t\t\t\t\t<div class=\"e-con-inner\">\n\t\t\t\t<div class=\"elementor-element elementor-element-3534e72 elementor-widget elementor-widget-spacer\" data-id=\"3534e72\" data-element_type=\"widget\" data-e-type=\"widget\" data-widget_type=\"spacer.default\">\n\t\t\t\t<div class=\"elementor-widget-container\">\n\t\t\t\t\t\t\t<div class=\"elementor-spacer\">\n\t\t\t<div class=\"elementor-spacer-inner\"><\/div>\n\t\t<\/div>\n\t\t\t\t\t\t<\/div>\n\t\t\t\t<\/div>\n\t\t\t\t<div class=\"elementor-element elementor-element-ae8340a elementor-widget elementor-widget-text-editor\" data-id=\"ae8340a\" data-element_type=\"widget\" data-e-type=\"widget\" data-widget_type=\"text-editor.default\">\n\t\t\t\t<div class=\"elementor-widget-container\">\n\t\t\t\t\t\t\t\t\t<p style=\"font-weight: 400;\"><span style=\"color: #000000;\"><b><strong>Biroul Achizi\u021bii<\/strong><\/b>\u00a0elaboreaz\u0103 \u0219i actualizeaz\u0103, pe baza necesit\u0103\u0163ilor transmise de celelalte compartimente, strategia de contractare \u015fi \u00a0programul anual al achizi\u0163iilor publice.<\/span><\/p><p style=\"font-weight: 400;\"><span style=\"color: #000000;\">Totodat\u0103, Biroul Achizi\u021bii se ocup\u0103 de:<\/span><\/p><ul><li style=\"list-style-type: none;\"><ul><li style=\"list-style-type: none;\"><ul><li><span style=\"color: #000000;\">Elaborarea\/coordonarea activit\u0103\u021bii de elaborare a documenta\u0163iei de atribuire \u015fi a documentelor-suport, \u00een cazul organiz\u0103rii procedurilor de achizi\u021bie \u00een conformitate cu legisla\u021bia \u00een vigoare;<\/span><\/li><li><span style=\"color: #000000;\">\u00cendeplinirea obliga\u0163iilor referitoare la publicitate, astfel cum sunt acestea prev\u0103zute de Lege;<\/span><\/li><li><span style=\"color: #000000;\">Aplicarea \u015fi finalizarea procedurilor de atribuire;<\/span><\/li><li><span style=\"color: #000000;\">Realizarea achizi\u0163iilor directe;<\/span><\/li><li><span style=\"color: #000000;\">Constituirea \u015fi p\u0103strarea dosarului achizi\u0163iei publice.<\/span><\/li><\/ul><\/li><\/ul><\/li><\/ul><p style=\"font-weight: 400;\"><span style=\"color: #000000;\"><b><strong>Link-uri utile:<\/strong><\/b><\/span><\/p><ul><li style=\"list-style-type: none;\"><ul><li style=\"list-style-type: none;\"><ul><li style=\"font-weight: 400;\"><span style=\"color: #000000;\">\u00a0 \u00a0 \u00a0<span style=\"color: #3366ff;\"> <a style=\"color: #3366ff;\" href=\"http:\/\/www.cnsc.ro\/\">http:\/\/www.cnsc.ro\/<\/a><\/span><\/span><\/li><li style=\"font-weight: 400;\"><span style=\"color: #3366ff;\">\u00a0 \u00a0 \u00a0 <a style=\"color: #3366ff;\" href=\"https:\/\/www.fonduri-ue.ro\/\" data-saferedirecturl=\"https:\/\/www.google.com\/url?q=https:\/\/www.fonduri-ue.ro\/&amp;source=gmail&amp;ust=1617787694637000&amp;usg=AFQjCNENNAJNDmeolKVxiTUuJzrmVKG6gw\">https:\/\/www.fonduri-ue.ro\/<\/a><\/span><\/li><li style=\"font-weight: 400;\"><span style=\"color: #3366ff;\">\u00a0 \u00a0 \u00a0 <a style=\"color: #3366ff;\" href=\"http:\/\/anap.gov.ro\/web\/\" data-saferedirecturl=\"https:\/\/www.google.com\/url?q=http:\/\/anap.gov.ro\/web\/&amp;source=gmail&amp;ust=1617787694637000&amp;usg=AFQjCNG4Szi7Qd-q-Mb40vy654yu5q45rg\">http:\/\/anap.gov.ro\/web\/<\/a><\/span><\/li><li style=\"font-weight: 400;\"><span style=\"color: #3366ff;\">\u00a0 \u00a0 \u00a0 <a style=\"color: #3366ff;\" href=\"http:\/\/www.e-licitatie.ro\/\">http:\/\/www.e-licitatie.ro<\/a><\/span><\/li><\/ul><\/li><\/ul><\/li><\/ul><p><span style=\"color: #000000;\"><b><strong>Coduri CPV:\u00a0 <\/strong><\/b><span style=\"color: #3366ff;\">\u00a0<a style=\"color: #3366ff;\" href=\"http:\/\/www.123coduri.ro\/cauta-in-baza-de-date-coduri-cpv.php\">http:\/\/www.123coduri.ro\/cauta-in-baza-de-date-coduri-cpv.php<\/a><\/span><\/span><\/p><p style=\"font-weight: 400;\"><span style=\"color: #000000;\"><b><strong>Legisla\u021bie:<\/strong><\/b><\/span><\/p><ul><li style=\"font-weight: 400;\"><span style=\"color: #000000;\">\u00a0 \u00a0 \u00a0 <span style=\"color: #3366ff;\"><a style=\"color: #3366ff;\" href=\"http:\/\/anap.gov.ro\/web\/legea-nr-982016-privind-achizitiile-publice\/\"><b><strong>LEGEA 98 DIN 2016<\/strong><\/b><\/a><\/span><\/span><\/li><li style=\"font-weight: 400;\"><span style=\"color: #3366ff;\">\u00a0 \u00a0 \u00a0 <a style=\"color: #3366ff;\" href=\"http:\/\/anap.gov.ro\/web\/legea-nr-1012016-privind-remediile-si-caile-de-atac-in-materie-de-atribuire-a-contractelor-de-achizitie-publica-a-contractelor-sectoriale-si-a-contractelor-de-concesiune-de-lucrari-si-concesiune-de\/\"><b><strong>LEGEA 101 DIN 2016<\/strong><\/b><\/a><\/span><\/li><li style=\"font-weight: 400;\"><span style=\"color: #3366ff;\">\u00a0 \u00a0 \u00a0 <a style=\"color: #3366ff;\" href=\"http:\/\/anap.gov.ro\/web\/hotararea-nr-3952016-pentru-aprobarea-normelor-metodologice-de-aplicare-a-prevederilor-referitoare-la-atribuirea-contractului-de-achizitie-publicaacordului-cadru-din-legea-nr-982016-privind-achiz\/\"><b><strong>HG 395 DIN 2016<\/strong><\/b><\/a><\/span><\/li><\/ul>\t\t\t\t\t\t\t\t<\/div>\n\t\t\t\t<\/div>\n\t\t\t\t<div class=\"elementor-element elementor-element-759c37b elementor-widget elementor-widget-spacer\" data-id=\"759c37b\" data-element_type=\"widget\" data-e-type=\"widget\" data-widget_type=\"spacer.default\">\n\t\t\t\t<div class=\"elementor-widget-container\">\n\t\t\t\t\t\t\t<div class=\"elementor-spacer\">\n\t\t\t<div class=\"elementor-spacer-inner\"><\/div>\n\t\t<\/div>\n\t\t\t\t\t\t<\/div>\n\t\t\t\t<\/div>\n\t\t\t\t<div class=\"elementor-element elementor-element-32f3cb6 elementor-widget elementor-widget-heading\" data-id=\"32f3cb6\" data-element_type=\"widget\" data-e-type=\"widget\" data-widget_type=\"heading.default\">\n\t\t\t\t<div class=\"elementor-widget-container\">\n\t\t\t\t\t<h3 class=\"elementor-heading-title elementor-size-default\">Istoric Achizitii:<\/h3>\t\t\t\t<\/div>\n\t\t\t\t<\/div>\n\t\t\t\t\t<\/div>\n\t\t\t\t<\/div>\n\t\t<div class=\"elementor-element elementor-element-6d7932f e-flex e-con-boxed wpr-particle-no wpr-jarallax-no wpr-parallax-no wpr-sticky-section-no wpr-equal-height-no e-con e-parent\" data-id=\"6d7932f\" data-element_type=\"container\" data-e-type=\"container\">\n\t\t\t\t\t<div class=\"e-con-inner\">\n\t\t\t\t<div class=\"elementor-element elementor-element-a431bc6 elementor-align-left elementor-widget elementor-widget-button\" data-id=\"a431bc6\" data-element_type=\"widget\" data-e-type=\"widget\" data-widget_type=\"button.default\">\n\t\t\t\t<div class=\"elementor-widget-container\">\n\t\t\t\t\t\t\t\t\t<div class=\"elementor-button-wrapper\">\n\t\t\t\t\t<a class=\"elementor-button elementor-button-link elementor-size-sm\" href=\"http:\/\/www.upg-ploiesti.ro\/index.php\/achizitii-2024\/\">\n\t\t\t\t\t\t<span class=\"elementor-button-content-wrapper\">\n\t\t\t\t\t\t\t\t\t<span class=\"elementor-button-text\">2024<\/span>\n\t\t\t\t\t<\/span>\n\t\t\t\t\t<\/a>\n\t\t\t\t<\/div>\n\t\t\t\t\t\t\t\t<\/div>\n\t\t\t\t<\/div>\n\t\t\t\t<div class=\"elementor-element elementor-element-1ce0a46 elementor-widget elementor-widget-button\" data-id=\"1ce0a46\" data-element_type=\"widget\" data-e-type=\"widget\" data-widget_type=\"button.default\">\n\t\t\t\t<div class=\"elementor-widget-container\">\n\t\t\t\t\t\t\t\t\t<div class=\"elementor-button-wrapper\">\n\t\t\t\t\t<a class=\"elementor-button elementor-button-link elementor-size-sm\" href=\"http:\/\/www.upg-ploiesti.ro\/index.php\/achizitii-2023\/\">\n\t\t\t\t\t\t<span class=\"elementor-button-content-wrapper\">\n\t\t\t\t\t\t\t\t\t<span class=\"elementor-button-text\">2023<\/span>\n\t\t\t\t\t<\/span>\n\t\t\t\t\t<\/a>\n\t\t\t\t<\/div>\n\t\t\t\t\t\t\t\t<\/div>\n\t\t\t\t<\/div>\n\t\t\t\t<div class=\"elementor-element elementor-element-28496fb elementor-widget elementor-widget-button\" data-id=\"28496fb\" data-element_type=\"widget\" data-e-type=\"widget\" data-widget_type=\"button.default\">\n\t\t\t\t<div class=\"elementor-widget-container\">\n\t\t\t\t\t\t\t\t\t<div class=\"elementor-button-wrapper\">\n\t\t\t\t\t<a class=\"elementor-button elementor-button-link elementor-size-sm\" href=\"http:\/\/www.upg-ploiesti.ro\/index.php\/achizitii-2022\/\">\n\t\t\t\t\t\t<span class=\"elementor-button-content-wrapper\">\n\t\t\t\t\t\t\t\t\t<span class=\"elementor-button-text\">2022<\/span>\n\t\t\t\t\t<\/span>\n\t\t\t\t\t<\/a>\n\t\t\t\t<\/div>\n\t\t\t\t\t\t\t\t<\/div>\n\t\t\t\t<\/div>\n\t\t\t\t<div class=\"elementor-element elementor-element-78e7dce elementor-widget elementor-widget-button\" data-id=\"78e7dce\" data-element_type=\"widget\" data-e-type=\"widget\" data-widget_type=\"button.default\">\n\t\t\t\t<div class=\"elementor-widget-container\">\n\t\t\t\t\t\t\t\t\t<div class=\"elementor-button-wrapper\">\n\t\t\t\t\t<a class=\"elementor-button elementor-button-link elementor-size-sm\" href=\"http:\/\/www.upg-ploiesti.ro\/index.php\/achizitii-2021\/\">\n\t\t\t\t\t\t<span class=\"elementor-button-content-wrapper\">\n\t\t\t\t\t\t\t\t\t<span class=\"elementor-button-text\">2021<\/span>\n\t\t\t\t\t<\/span>\n\t\t\t\t\t<\/a>\n\t\t\t\t<\/div>\n\t\t\t\t\t\t\t\t<\/div>\n\t\t\t\t<\/div>\n\t\t\t\t<div class=\"elementor-element elementor-element-4e3144b elementor-widget elementor-widget-button\" data-id=\"4e3144b\" data-element_type=\"widget\" data-e-type=\"widget\" data-widget_type=\"button.default\">\n\t\t\t\t<div class=\"elementor-widget-container\">\n\t\t\t\t\t\t\t\t\t<div class=\"elementor-button-wrapper\">\n\t\t\t\t\t<a class=\"elementor-button elementor-button-link elementor-size-sm\" href=\"http:\/\/www.upg-ploiesti.ro\/index.php\/mentenanta\/\">\n\t\t\t\t\t\t<span class=\"elementor-button-content-wrapper\">\n\t\t\t\t\t\t\t\t\t<span class=\"elementor-button-text\">2020<\/span>\n\t\t\t\t\t<\/span>\n\t\t\t\t\t<\/a>\n\t\t\t\t<\/div>\n\t\t\t\t\t\t\t\t<\/div>\n\t\t\t\t<\/div>\n\t\t\t\t<div class=\"elementor-element elementor-element-d46f951 elementor-widget elementor-widget-button\" data-id=\"d46f951\" data-element_type=\"widget\" data-e-type=\"widget\" data-widget_type=\"button.default\">\n\t\t\t\t<div class=\"elementor-widget-container\">\n\t\t\t\t\t\t\t\t\t<div class=\"elementor-button-wrapper\">\n\t\t\t\t\t<a class=\"elementor-button elementor-button-link elementor-size-sm\" href=\"http:\/\/www.upg-ploiesti.ro\/index.php\/mentenanta\/\">\n\t\t\t\t\t\t<span class=\"elementor-button-content-wrapper\">\n\t\t\t\t\t\t\t\t\t<span class=\"elementor-button-text\">2019<\/span>\n\t\t\t\t\t<\/span>\n\t\t\t\t\t<\/a>\n\t\t\t\t<\/div>\n\t\t\t\t\t\t\t\t<\/div>\n\t\t\t\t<\/div>\n\t\t\t\t<div class=\"elementor-element elementor-element-f89bcfa elementor-widget elementor-widget-button\" data-id=\"f89bcfa\" data-element_type=\"widget\" data-e-type=\"widget\" data-widget_type=\"button.default\">\n\t\t\t\t<div class=\"elementor-widget-container\">\n\t\t\t\t\t\t\t\t\t<div class=\"elementor-button-wrapper\">\n\t\t\t\t\t<a class=\"elementor-button elementor-button-link elementor-size-sm\" href=\"http:\/\/www.upg-ploiesti.ro\/index.php\/mentenanta\/\">\n\t\t\t\t\t\t<span class=\"elementor-button-content-wrapper\">\n\t\t\t\t\t\t\t\t\t<span class=\"elementor-button-text\">2018<\/span>\n\t\t\t\t\t<\/span>\n\t\t\t\t\t<\/a>\n\t\t\t\t<\/div>\n\t\t\t\t\t\t\t\t<\/div>\n\t\t\t\t<\/div>\n\t\t\t\t<div class=\"elementor-element elementor-element-b8f57f7 elementor-widget elementor-widget-button\" data-id=\"b8f57f7\" data-element_type=\"widget\" data-e-type=\"widget\" data-widget_type=\"button.default\">\n\t\t\t\t<div class=\"elementor-widget-container\">\n\t\t\t\t\t\t\t\t\t<div class=\"elementor-button-wrapper\">\n\t\t\t\t\t<a class=\"elementor-button elementor-button-link elementor-size-sm\" href=\"http:\/\/www.upg-ploiesti.ro\/index.php\/mentenanta\/\">\n\t\t\t\t\t\t<span class=\"elementor-button-content-wrapper\">\n\t\t\t\t\t\t\t\t\t<span class=\"elementor-button-text\">2017<\/span>\n\t\t\t\t\t<\/span>\n\t\t\t\t\t<\/a>\n\t\t\t\t<\/div>\n\t\t\t\t\t\t\t\t<\/div>\n\t\t\t\t<\/div>\n\t\t\t\t<div class=\"elementor-element elementor-element-a34cb05 elementor-widget elementor-widget-button\" data-id=\"a34cb05\" data-element_type=\"widget\" data-e-type=\"widget\" data-widget_type=\"button.default\">\n\t\t\t\t<div class=\"elementor-widget-container\">\n\t\t\t\t\t\t\t\t\t<div class=\"elementor-button-wrapper\">\n\t\t\t\t\t<a class=\"elementor-button elementor-button-link elementor-size-sm\" href=\"http:\/\/www.upg-ploiesti.ro\/index.php\/mentenanta\/\">\n\t\t\t\t\t\t<span class=\"elementor-button-content-wrapper\">\n\t\t\t\t\t\t\t\t\t<span class=\"elementor-button-text\">2016<\/span>\n\t\t\t\t\t<\/span>\n\t\t\t\t\t<\/a>\n\t\t\t\t<\/div>\n\t\t\t\t\t\t\t\t<\/div>\n\t\t\t\t<\/div>\n\t\t\t\t<div class=\"elementor-element elementor-element-d962755 elementor-widget elementor-widget-button\" data-id=\"d962755\" data-element_type=\"widget\" data-e-type=\"widget\" data-widget_type=\"button.default\">\n\t\t\t\t<div class=\"elementor-widget-container\">\n\t\t\t\t\t\t\t\t\t<div class=\"elementor-button-wrapper\">\n\t\t\t\t\t<a class=\"elementor-button elementor-button-link elementor-size-sm\" href=\"http:\/\/www.upg-ploiesti.ro\/index.php\/mentenanta\/\">\n\t\t\t\t\t\t<span class=\"elementor-button-content-wrapper\">\n\t\t\t\t\t\t\t\t\t<span class=\"elementor-button-text\">2015<\/span>\n\t\t\t\t\t<\/span>\n\t\t\t\t\t<\/a>\n\t\t\t\t<\/div>\n\t\t\t\t\t\t\t\t<\/div>\n\t\t\t\t<\/div>\n\t\t\t\t<div class=\"elementor-element elementor-element-96968a1 elementor-widget elementor-widget-button\" data-id=\"96968a1\" data-element_type=\"widget\" data-e-type=\"widget\" data-widget_type=\"button.default\">\n\t\t\t\t<div class=\"elementor-widget-container\">\n\t\t\t\t\t\t\t\t\t<div class=\"elementor-button-wrapper\">\n\t\t\t\t\t<a class=\"elementor-button elementor-button-link elementor-size-sm\" href=\"http:\/\/www.upg-ploiesti.ro\/index.php\/mentenanta\/\">\n\t\t\t\t\t\t<span class=\"elementor-button-content-wrapper\">\n\t\t\t\t\t\t\t\t\t<span class=\"elementor-button-text\">2014-2010<\/span>\n\t\t\t\t\t<\/span>\n\t\t\t\t\t<\/a>\n\t\t\t\t<\/div>\n\t\t\t\t\t\t\t\t<\/div>\n\t\t\t\t<\/div>\n\t\t\t\t\t<\/div>\n\t\t\t\t<\/div>\n\t\t<div class=\"elementor-element elementor-element-97ab84e e-flex e-con-boxed wpr-particle-no wpr-jarallax-no wpr-parallax-no wpr-sticky-section-no wpr-equal-height-no e-con e-parent\" data-id=\"97ab84e\" data-element_type=\"container\" data-e-type=\"container\">\n\t\t\t\t\t<div class=\"e-con-inner\">\n\t\t\t\t<div class=\"elementor-element elementor-element-d86cbc1 elementor-widget elementor-widget-spacer\" data-id=\"d86cbc1\" data-element_type=\"widget\" data-e-type=\"widget\" data-widget_type=\"spacer.default\">\n\t\t\t\t<div class=\"elementor-widget-container\">\n\t\t\t\t\t\t\t<div class=\"elementor-spacer\">\n\t\t\t<div class=\"elementor-spacer-inner\"><\/div>\n\t\t<\/div>\n\t\t\t\t\t\t<\/div>\n\t\t\t\t<\/div>\n\t\t\t\t<div class=\"elementor-element elementor-element-0c22309 elementor-widget elementor-widget-text-editor\" data-id=\"0c22309\" data-element_type=\"widget\" data-e-type=\"widget\" data-widget_type=\"text-editor.default\">\n\t\t\t\t<div class=\"elementor-widget-container\">\n\t\t\t\t\t\t\t\t\t<h3><span style=\"color: #000000;\"><strong>CONTACT BIROU ACHIZITII<\/strong><\/span><\/h3>\n\n<span style=\"color: #000000;\"><strong>E-mail:<\/strong>\u00a0<a style=\"color: #000000;\" href=\"mailto:birou%20_achizitii@upg-ploiesti.ro\">birou _achizitii@upg-ploiesti.ro<\/a>\u00a0<\/span>\n\n<span style=\"color: #000000;\"><strong><br>Telefon:<\/strong> +40244-575.659<\/span>\n\n<span style=\"color: #000000;\"><strong><br>Programul cu publicul:\u00a0<\/strong>Luni-joi: 08:00 \u2013 16:00\u00a0Vineri: 08:00 \u2013 13:30<\/span>\n\n<span style=\"color: #000000;\"><strong><br>Adres\u0103:<\/strong>\u00a0Bulevardul Bucuresti, nr. 39, Ploiesti, 100680, Romania<\/span>\t\t\t\t\t\t\t\t<\/div>\n\t\t\t\t<\/div>\n\t\t\t\t<div class=\"elementor-element elementor-element-3e736df elementor-widget elementor-widget-spacer\" data-id=\"3e736df\" data-element_type=\"widget\" data-e-type=\"widget\" data-widget_type=\"spacer.default\">\n\t\t\t\t<div class=\"elementor-widget-container\">\n\t\t\t\t\t\t\t<div class=\"elementor-spacer\">\n\t\t\t<div class=\"elementor-spacer-inner\"><\/div>\n\t\t<\/div>\n\t\t\t\t\t\t<\/div>\n\t\t\t\t<\/div>\n\t\t\t\t\t<\/div>\n\t\t\t\t<\/div>\n\t\t\t\t<\/div>\n\t\t","protected":false},"excerpt":{"rendered":"<p>Biroul Achizi\u021bii\u00a0elaboreaz\u0103 \u0219i actualizeaz\u0103, pe baza necesit\u0103\u0163ilor transmise de celelalte compartimente, strategia de contractare \u015fi \u00a0programul anual al achizi\u0163iilor publice. Totodat\u0103, Biroul Achizi\u021bii se ocup\u0103 de: Elaborarea\/coordonarea activit\u0103\u021bii de elaborare a documenta\u0163iei de atribuire \u015fi a documentelor-suport, \u00een cazul organiz\u0103rii procedurilor de achizi\u021bie \u00een conformitate cu legisla\u021bia \u00een vigoare; \u00cendeplinirea obliga\u0163iilor referitoare la publicitate, astfel cum sunt acestea prev\u0103zute de Lege; Aplicarea \u015fi finalizarea procedurilor de atribuire; Realizarea achizi\u0163iilor directe; Constituirea \u015fi p\u0103strarea dosarului achizi\u0163iei publice. Link-uri utile: \u00a0 \u00a0 \u00a0 http:\/\/www.cnsc.ro\/ \u00a0 \u00a0 \u00a0 https:\/\/www.fonduri-ue.ro\/ \u00a0 \u00a0 \u00a0 http:\/\/anap.gov.ro\/web\/ \u00a0 \u00a0 \u00a0 http:\/\/www.e-licitatie.ro Coduri CPV:\u00a0 \u00a0http:\/\/www.123coduri.ro\/cauta-in-baza-de-date-coduri-cpv.php Legisla\u021bie: \u00a0 \u00a0 \u00a0 LEGEA 98 DIN 2016 \u00a0 \u00a0 \u00a0 LEGEA 101 DIN 2016 \u00a0 \u00a0 \u00a0 HG 395 DIN 2016 Istoric Achizitii: 2024 2023 2022 2021 2020 2019 2018 2017 2016 2015 2014-2010 CONTACT BIROU ACHIZITII E-mail:\u00a0birou _achizitii@upg-ploiesti.ro\u00a0 Telefon: +40244-575.659 Programul cu publicul:\u00a0Luni-joi: 08:00 \u2013 16:00\u00a0Vineri: 08:00 \u2013 13:30 Adres\u0103:\u00a0Bulevardul Bucuresti, nr. 39, Ploiesti, 100680, Romania<\/p>\n","protected":false},"author":1,"featured_media":0,"parent":0,"menu_order":0,"comment_status":"closed","ping_status":"closed","template":"","meta":{"_monsterinsights_skip_tracking":false,"_monsterinsights_sitenote_active":false,"_monsterinsights_sitenote_note":"","_monsterinsights_sitenote_category":0,"footnotes":""},"class_list":["post-4798","page","type-page","status-publish","hentry"],"_links":{"self":[{"href":"https:\/\/www.upg-ploiesti.ro\/index.php\/wp-json\/wp\/v2\/pages\/4798","targetHints":{"allow":["GET"]}}],"collection":[{"href":"https:\/\/www.upg-ploiesti.ro\/index.php\/wp-json\/wp\/v2\/pages"}],"about":[{"href":"https:\/\/www.upg-ploiesti.ro\/index.php\/wp-json\/wp\/v2\/types\/page"}],"author":[{"embeddable":true,"href":"https:\/\/www.upg-ploiesti.ro\/index.php\/wp-json\/wp\/v2\/users\/1"}],"replies":[{"embeddable":true,"href":"https:\/\/www.upg-ploiesti.ro\/index.php\/wp-json\/wp\/v2\/comments?post=4798"}],"version-history":[{"count":64,"href":"https:\/\/www.upg-ploiesti.ro\/index.php\/wp-json\/wp\/v2\/pages\/4798\/revisions"}],"predecessor-version":[{"id":11782,"href":"https:\/\/www.upg-ploiesti.ro\/index.php\/wp-json\/wp\/v2\/pages\/4798\/revisions\/11782"}],"wp:attachment":[{"href":"https:\/\/www.upg-ploiesti.ro\/index.php\/wp-json\/wp\/v2\/media?parent=4798"}],"curies":[{"name":"wp","href":"https:\/\/api.w.org\/{rel}","templated":true}]}}