{"id":4800,"date":"2024-08-08T09:36:36","date_gmt":"2024-08-08T09:36:36","guid":{"rendered":"https:\/\/www.upg-ploiesti.ro\/?page_id=4800"},"modified":"2024-11-28T10:41:19","modified_gmt":"2024-11-28T10:41:19","slug":"formulare-tip","status":"publish","type":"page","link":"https:\/\/www.upg-ploiesti.ro\/index.php\/formulare-tip\/","title":{"rendered":"FORMULARE TIP"},"content":{"rendered":"\t\t<div data-elementor-type=\"wp-page\" data-elementor-id=\"4800\" class=\"elementor elementor-4800\">\n\t\t\t\t<div class=\"elementor-element elementor-element-517c6bd e-flex e-con-boxed wpr-particle-no wpr-jarallax-no wpr-parallax-no wpr-sticky-section-no wpr-equal-height-no e-con e-parent\" data-id=\"517c6bd\" data-element_type=\"container\" data-e-type=\"container\">\n\t\t\t\t\t<div class=\"e-con-inner\">\n\t\t\t\t<div class=\"elementor-element elementor-element-08948a0 elementor-widget elementor-widget-spacer\" data-id=\"08948a0\" data-element_type=\"widget\" data-e-type=\"widget\" data-widget_type=\"spacer.default\">\n\t\t\t\t<div class=\"elementor-widget-container\">\n\t\t\t\t\t\t\t<div class=\"elementor-spacer\">\n\t\t\t<div class=\"elementor-spacer-inner\"><\/div>\n\t\t<\/div>\n\t\t\t\t\t\t<\/div>\n\t\t\t\t<\/div>\n\t\t\t\t<div class=\"elementor-element elementor-element-eae8b63 elementor-widget elementor-widget-text-editor\" data-id=\"eae8b63\" data-element_type=\"widget\" data-e-type=\"widget\" data-widget_type=\"text-editor.default\">\n\t\t\t\t<div class=\"elementor-widget-container\">\n\t\t\t\t\t\t\t\t\t<ul><li><span style=\"color: #333399;\"><a style=\"color: #333399;\" href=\"http:\/\/www.upg-ploiesti.ro\/wp-content\/uploads\/2024\/09\/F_065.07_Nota_de_lichidare.doc\">F.065.07 Not\u0103 de lichidare<\/a><\/span><\/li><li><span style=\"color: #333399;\"><a style=\"color: #333399;\" href=\"http:\/\/www.upg-ploiesti.ro\/wp-content\/uploads\/2024\/09\/F.158.10-Cerere-eliberare-adeverinta-pensie.docx\">F.158.10 Cerere eliberare adeverin\u021b\u0103 pensie<\/a><\/span><\/li><li><span style=\"color: #333399;\"><a style=\"color: #333399;\" href=\"http:\/\/www.upg-ploiesti.ro\/wp-content\/uploads\/2024\/09\/F_160_Formular_cerere_elib_diploma.docx\">F.160 Formular cerere eliberare diplom\u0103<\/a><\/span><\/li><li><span style=\"color: #333399;\"><a style=\"color: #333399;\" href=\"http:\/\/www.upg-ploiesti.ro\/wp-content\/uploads\/2024\/09\/F_449_Formular-CONSIMTAMANT-INFORMAT-candidati-sau-studenti.pdf\">F.449 Formular CONSIMTAMANT\/INFORMARE PRIVIND PROTEC\u0162IA DATELOR CU CARACTER PERSONAL<\/a><\/span><\/li><li><span style=\"color: #333399;\"><a style=\"color: #333399;\" href=\"http:\/\/www.upg-ploiesti.ro\/wp-content\/uploads\/2024\/09\/Cerere-bursa-studii-in-Romania_Application-scholarship-in-Romania_Demande-bourse-en-Roumanie.docx\">CERERE DE BURS\u0102 PENTRU STUDII \u00ceN ROM\u00c2NIA \/ APPLICATION FORM FOR SCHOLARSHIP IN ROMANIA \/ DEMANDE DE BOURSE D\u2019\u00c9TUDES EN ROUMANIE<\/a><\/span><\/li><li><span style=\"color: #333399;\"><a style=\"color: #333399;\" href=\"http:\/\/www.upg-ploiesti.ro\/wp-content\/uploads\/2024\/09\/Cerere-scrisoare-de-acceptare_Application-letter-of-acceptance_Demande-lettre-dacceptation_0.docx\">CERERE PENTRU ELIBERAREA SCRISORII DE ACCEPTARE LA STUDII \/ APPLICATION FOR THE ISSUANCE OF LETTER OF ACCEPTANCE TO STUDIES \/ DEMANDE D\u2019APPLICATION POUR LA LETTRE D\u2019ACCEPTATION AUX \u00c9TUDES<\/a><\/span><\/li><li><span style=\"color: #333399;\"><a style=\"color: #333399;\" href=\"http:\/\/www.upg-ploiesti.ro\/wp-content\/uploads\/2024\/09\/CERERE-DE-MOBILITATE.docx\">CERERE DE MOBILITATE<\/a><\/span><\/li><\/ul>\t\t\t\t\t\t\t\t<\/div>\n\t\t\t\t<\/div>\n\t\t\t\t\t<\/div>\n\t\t\t\t<\/div>\n\t\t\t\t<\/div>\n\t\t","protected":false},"excerpt":{"rendered":"<p>F.065.07 Not\u0103 de lichidare F.158.10 Cerere eliberare adeverin\u021b\u0103 pensie F.160 Formular cerere eliberare diplom\u0103 F.449 Formular CONSIMTAMANT\/INFORMARE PRIVIND PROTEC\u0162IA DATELOR CU CARACTER PERSONAL CERERE DE BURS\u0102 PENTRU STUDII \u00ceN ROM\u00c2NIA \/ APPLICATION FORM FOR SCHOLARSHIP IN ROMANIA \/ DEMANDE DE BOURSE D\u2019\u00c9TUDES EN ROUMANIE CERERE PENTRU ELIBERAREA SCRISORII DE ACCEPTARE LA STUDII \/ APPLICATION FOR THE ISSUANCE OF LETTER OF ACCEPTANCE TO STUDIES \/ DEMANDE D\u2019APPLICATION POUR LA LETTRE D\u2019ACCEPTATION AUX \u00c9TUDES CERERE DE MOBILITATE<\/p>\n","protected":false},"author":1,"featured_media":0,"parent":0,"menu_order":0,"comment_status":"closed","ping_status":"closed","template":"","meta":{"_monsterinsights_skip_tracking":false,"_monsterinsights_sitenote_active":false,"_monsterinsights_sitenote_note":"","_monsterinsights_sitenote_category":0,"footnotes":""},"class_list":["post-4800","page","type-page","status-publish","hentry"],"_links":{"self":[{"href":"https:\/\/www.upg-ploiesti.ro\/index.php\/wp-json\/wp\/v2\/pages\/4800","targetHints":{"allow":["GET"]}}],"collection":[{"href":"https:\/\/www.upg-ploiesti.ro\/index.php\/wp-json\/wp\/v2\/pages"}],"about":[{"href":"https:\/\/www.upg-ploiesti.ro\/index.php\/wp-json\/wp\/v2\/types\/page"}],"author":[{"embeddable":true,"href":"https:\/\/www.upg-ploiesti.ro\/index.php\/wp-json\/wp\/v2\/users\/1"}],"replies":[{"embeddable":true,"href":"https:\/\/www.upg-ploiesti.ro\/index.php\/wp-json\/wp\/v2\/comments?post=4800"}],"version-history":[{"count":7,"href":"https:\/\/www.upg-ploiesti.ro\/index.php\/wp-json\/wp\/v2\/pages\/4800\/revisions"}],"predecessor-version":[{"id":9123,"href":"https:\/\/www.upg-ploiesti.ro\/index.php\/wp-json\/wp\/v2\/pages\/4800\/revisions\/9123"}],"wp:attachment":[{"href":"https:\/\/www.upg-ploiesti.ro\/index.php\/wp-json\/wp\/v2\/media?parent=4800"}],"curies":[{"name":"wp","href":"https:\/\/api.w.org\/{rel}","templated":true}]}}