{"id":4878,"date":"2024-08-08T09:53:35","date_gmt":"2024-08-08T09:53:35","guid":{"rendered":"https:\/\/www.upg-ploiesti.ro\/?page_id=4878"},"modified":"2024-11-28T10:47:23","modified_gmt":"2024-11-28T10:47:23","slug":"acces-la-literatura-stiintifica","status":"publish","type":"page","link":"https:\/\/www.upg-ploiesti.ro\/index.php\/acces-la-literatura-stiintifica\/","title":{"rendered":"ACCES LA LITERATURA STIINTIFICA"},"content":{"rendered":"\t\t<div data-elementor-type=\"wp-page\" data-elementor-id=\"4878\" class=\"elementor elementor-4878\">\n\t\t\t\t<div class=\"elementor-element elementor-element-361cb57 e-flex e-con-boxed wpr-particle-no wpr-jarallax-no wpr-parallax-no wpr-sticky-section-no wpr-equal-height-no e-con e-parent\" data-id=\"361cb57\" data-element_type=\"container\" data-e-type=\"container\">\n\t\t\t\t\t<div class=\"e-con-inner\">\n\t\t\t\t<div class=\"elementor-element elementor-element-099a29f elementor-widget elementor-widget-text-editor\" data-id=\"099a29f\" data-element_type=\"widget\" data-e-type=\"widget\" data-widget_type=\"text-editor.default\">\n\t\t\t\t<div class=\"elementor-widget-container\">\n\t\t\t\t\t\t\t\t\t<div>Acces electronic la literatura stiintifica de cercetare prin proiectul\u00a0PNII &#8211; Capacitati:\u00a0<\/div><div>SCIENCE DIRECT FREEDOM COLLECTION JOURNALS:\u00a0<span style=\"color: #333399;\"><a style=\"color: #333399;\" href=\"http:\/\/www.sciencedirect.com\/\">http:\/\/www.sciencedirect.com<\/a><\/span><br \/>THOMSON WEB OF KNOWLEDGE: <span style=\"color: #333399;\"><a style=\"color: #333399;\" href=\"http:\/\/isiknowledge.com\/\">http:\/\/isiknowledge.com<\/a><\/span><br \/>SCOPUS:\u00a0<span style=\"color: #333399;\"><a style=\"color: #333399;\" href=\"http:\/\/www.scopus.com\/\">http:\/\/www.scopus.com<\/a><\/span><\/div><div>Wiley Journals:\u00a0<span style=\"color: #333399;\"><a style=\"color: #333399;\" href=\"http:\/\/onlinelibrary.wiley.com\/\">http:\/\/onlinelibrary.wiley.com\/<\/a><\/span><\/div><div>\u00a0<\/div><div>C\u0103r\u021bile electronice achizi\u021bionate de la Editura Elsevier pentru participan\u021bii \u00een Proiectul Anelis Plus pot fi accesate pe platforma editurii (http:\/\/www.sciencedirect.com\/). Accesul este posibil at\u00e2t pe baz\u0103 de IP, c\u00e2t \u0219i prin autentificarea pe baz\u0103 de cont \u0219i parol\u0103 (acces mobil).<\/div>\t\t\t\t\t\t\t\t<\/div>\n\t\t\t\t<\/div>\n\t\t\t\t\t<\/div>\n\t\t\t\t<\/div>\n\t\t\t\t<\/div>\n\t\t","protected":false},"excerpt":{"rendered":"<p>Acces electronic la literatura stiintifica de cercetare prin proiectul\u00a0PNII &#8211; Capacitati:\u00a0SCIENCE DIRECT FREEDOM COLLECTION JOURNALS:\u00a0http:\/\/www.sciencedirect.comTHOMSON WEB OF KNOWLEDGE: http:\/\/isiknowledge.comSCOPUS:\u00a0http:\/\/www.scopus.comWiley Journals:\u00a0http:\/\/onlinelibrary.wiley.com\/\u00a0C\u0103r\u021bile electronice achizi\u021bionate de la Editura Elsevier pentru participan\u021bii \u00een Proiectul Anelis Plus pot fi accesate pe platforma editurii (http:\/\/www.sciencedirect.com\/). Accesul este posibil at\u00e2t pe baz\u0103 de IP, c\u00e2t \u0219i prin autentificarea pe baz\u0103 de cont \u0219i parol\u0103 (acces mobil).<\/p>\n","protected":false},"author":1,"featured_media":0,"parent":0,"menu_order":0,"comment_status":"closed","ping_status":"closed","template":"","meta":{"_monsterinsights_skip_tracking":false,"_monsterinsights_sitenote_active":false,"_monsterinsights_sitenote_note":"","_monsterinsights_sitenote_category":0,"footnotes":""},"class_list":["post-4878","page","type-page","status-publish","hentry"],"_links":{"self":[{"href":"https:\/\/www.upg-ploiesti.ro\/index.php\/wp-json\/wp\/v2\/pages\/4878","targetHints":{"allow":["GET"]}}],"collection":[{"href":"https:\/\/www.upg-ploiesti.ro\/index.php\/wp-json\/wp\/v2\/pages"}],"about":[{"href":"https:\/\/www.upg-ploiesti.ro\/index.php\/wp-json\/wp\/v2\/types\/page"}],"author":[{"embeddable":true,"href":"https:\/\/www.upg-ploiesti.ro\/index.php\/wp-json\/wp\/v2\/users\/1"}],"replies":[{"embeddable":true,"href":"https:\/\/www.upg-ploiesti.ro\/index.php\/wp-json\/wp\/v2\/comments?post=4878"}],"version-history":[{"count":4,"href":"https:\/\/www.upg-ploiesti.ro\/index.php\/wp-json\/wp\/v2\/pages\/4878\/revisions"}],"predecessor-version":[{"id":7462,"href":"https:\/\/www.upg-ploiesti.ro\/index.php\/wp-json\/wp\/v2\/pages\/4878\/revisions\/7462"}],"wp:attachment":[{"href":"https:\/\/www.upg-ploiesti.ro\/index.php\/wp-json\/wp\/v2\/media?parent=4878"}],"curies":[{"name":"wp","href":"https:\/\/api.w.org\/{rel}","templated":true}]}}