{"id":4882,"date":"2024-08-08T09:53:56","date_gmt":"2024-08-08T09:53:56","guid":{"rendered":"https:\/\/www.upg-ploiesti.ro\/?page_id=4882"},"modified":"2024-11-28T10:47:51","modified_gmt":"2024-11-28T10:47:51","slug":"proiecte","status":"publish","type":"page","link":"https:\/\/www.upg-ploiesti.ro\/index.php\/proiecte\/","title":{"rendered":"PROIECTE"},"content":{"rendered":"\t\t<div data-elementor-type=\"wp-page\" data-elementor-id=\"4882\" class=\"elementor elementor-4882\">\n\t\t\t\t<div class=\"elementor-element elementor-element-0a22379 e-flex e-con-boxed wpr-particle-no wpr-jarallax-no wpr-parallax-no wpr-sticky-section-no wpr-equal-height-no e-con e-parent\" data-id=\"0a22379\" data-element_type=\"container\" data-e-type=\"container\">\n\t\t\t\t\t<div class=\"e-con-inner\">\n\t\t\t\t<div class=\"elementor-element elementor-element-c79f0fe elementor-widget elementor-widget-text-editor\" data-id=\"c79f0fe\" data-element_type=\"widget\" data-e-type=\"widget\" data-widget_type=\"text-editor.default\">\n\t\t\t\t<div class=\"elementor-widget-container\">\n\t\t\t\t\t\t\t\t\t<p><strong><span class=\"PageTitle\">Proiecte CEEX coordonate de Universitatea Petrol-Gaze din Ploie\u015fti<\/span><\/strong><\/p><p>\u00cen cadrul programului Cercetare de Excelen\u0163\u0103, Universitatea Petrol \u2013 Gaze din Ploie\u015fti a participat la o serie de proiecte de cercetare realizate \u00een parteneriat cu alte universit\u0103\u0163i, institute de cercetare sau agen\u0163i economici, dintre care la o parte a fost coordonator.<\/p><div>1.\u00a0\u00a0\u00a0\u00a0\u00a0\u00a0NOI MATERIALE CATALITICE PENTRU DEPOLUAREA EFLUENTILOR GAZOSI INDUSTRIALI &#8211; CONTRACT NR. 14 \/ 03.10.2005<\/div><div>2.\u00a0\u00a0\u00a0\u00a0\u00a0\u00a0COMBUSTIBILI EMULSIONATI PENTRU O ARDERE CURATA &#8211; CONTRACT NR. 273 \/ 12.09.2006<\/div><div>3.\u00a0\u00a0\u00a0\u00a0\u00a0\u00a0DEZVOLTAREA UNUI LABORATOR PENTRU CONTROLUL EMISIILOR DE COMPUSI ORGANICI VOLATILI &#8211; CONTRACT NR. 216 \/ 10.08.2006<\/div><div>4.\u00a0\u00a0\u00a0\u00a0\u00a0\u00a0DEZVOLTAREA UNUI LABORATOR DE TESTARE A CALITATII CARBURANTILOR IN CONFORMITATE CU CERINTELE EUROPENE &#8211; CONTRACT NR. 230 \/ 10.08.2006<\/div>\t\t\t\t\t\t\t\t<\/div>\n\t\t\t\t<\/div>\n\t\t\t\t\t<\/div>\n\t\t\t\t<\/div>\n\t\t<div class=\"elementor-element elementor-element-1257c4d e-flex e-con-boxed wpr-particle-no wpr-jarallax-no wpr-parallax-no wpr-sticky-section-no wpr-equal-height-no e-con e-parent\" data-id=\"1257c4d\" data-element_type=\"container\" data-e-type=\"container\">\n\t\t\t\t\t<div class=\"e-con-inner\">\n\t\t\t\t<div class=\"elementor-element elementor-element-6135453 elementor-widget-divider--view-line elementor-widget elementor-widget-divider\" data-id=\"6135453\" data-element_type=\"widget\" data-e-type=\"widget\" data-widget_type=\"divider.default\">\n\t\t\t\t<div class=\"elementor-widget-container\">\n\t\t\t\t\t\t\t<div class=\"elementor-divider\">\n\t\t\t<span class=\"elementor-divider-separator\">\n\t\t\t\t\t\t<\/span>\n\t\t<\/div>\n\t\t\t\t\t\t<\/div>\n\t\t\t\t<\/div>\n\t\t\t\t\t<\/div>\n\t\t\t\t<\/div>\n\t\t<div class=\"elementor-element elementor-element-0173958 e-flex e-con-boxed wpr-particle-no wpr-jarallax-no wpr-parallax-no wpr-sticky-section-no wpr-equal-height-no e-con e-parent\" data-id=\"0173958\" data-element_type=\"container\" data-e-type=\"container\">\n\t\t\t\t\t<div class=\"e-con-inner\">\n\t\t\t\t<div class=\"elementor-element elementor-element-9b28ae6 elementor-widget elementor-widget-text-editor\" data-id=\"9b28ae6\" data-element_type=\"widget\" data-e-type=\"widget\" data-widget_type=\"text-editor.default\">\n\t\t\t\t<div class=\"elementor-widget-container\">\n\t\t\t\t\t\t\t\t\t<p><strong><span class=\"PageTitle\">Proiecte PN II coordonate de Universitatea Petrol-Gaze din Ploie\u015fti<\/span><\/strong><\/p><div>Programul Na\u0163ional de Cercetare Dezvoltare PN II a constituit prilejul derul\u0103rii unor colabor\u0103ri \u015ftiin\u0163ifice sub forma unor proiecte de cercetare la care UPG Ploie\u015fti este coordonator.<\/div><div>\u00a0<\/div><div>1.\u00a0\u00a0 \u00a0 \u00a0DEPOLUAREA APELOR REZIDUALE CU GRAD RIDICAT DE PERICULOZITATE SI RETINEREA IN SIGURANTA A IONILOR METALICI PE TUFURI ZEOLITICE MODIFICATE &#8211; CONTRACT NR. 32139 \/ 2008<\/div><div>2.\u00a0\u00a0\u00a0\u00a0\u00a0\u00a0TEHNOLOGII NECONVENTIONALE DE INALTA PRECIZIE PENTRU CRESTEREA DURABILITATII ROBINETELOR, CU APLICATII IN INDUSTRIA PETROLIERA \u2013 CONTRACT NR. 71076 \/ 2007<\/div><div>3.\u00a0\u00a0\u00a0\u00a0\u00a0\u00a0TEHNOLOGII DE VALORIFICARE ECOLOGICA &#8211; ENERGETICA- SUPERIOARA A BIOETANOLULUI \u2013 CONTRACT NR. 21064 \/ 2007<\/div><div>4.\u00a0\u00a0\u00a0\u00a0\u00a0\u00a0HIDROGEN DIN RESURSE BIO-REGENERABILE \u2013 CONTRACT NR. 21029 \/ 2007<\/div><div>5.\u00a0\u00a0\u00a0\u00a0\u00a0\u00a0VALORIFICAREA GLICERINEI REZULTATA LA SINTEZA BIODIESELULUI IN DIRECTIA OBTINERII DE COMBUSTIBILI CU ARDERE NEPOLUANTA SI DE ADITIVI ANTIGHEATA \u2013 CONTRACT NR. 21072 \/ 2007<\/div><div>6.\u00a0\u00a0\u00a0\u00a0\u00a0\u00a0ARHITECTURI PERFORMANTE &#8211; MICROINCAPSULAREA DE MEDICAMENTE SI ULEIURI ESENTIALE CU AJUTORUL POLIMERILOR BIOCOMPATIBILI<\/div>\t\t\t\t\t\t\t\t<\/div>\n\t\t\t\t<\/div>\n\t\t\t\t\t<\/div>\n\t\t\t\t<\/div>\n\t\t\t\t<\/div>\n\t\t","protected":false},"excerpt":{"rendered":"<p>Proiecte CEEX coordonate de Universitatea Petrol-Gaze din Ploie\u015fti \u00cen cadrul programului Cercetare de Excelen\u0163\u0103, Universitatea Petrol \u2013 Gaze din Ploie\u015fti a participat la o serie de proiecte de cercetare realizate \u00een parteneriat cu alte universit\u0103\u0163i, institute de cercetare sau agen\u0163i economici, dintre care la o parte a fost coordonator. 1.\u00a0\u00a0\u00a0\u00a0\u00a0\u00a0NOI MATERIALE CATALITICE PENTRU DEPOLUAREA EFLUENTILOR GAZOSI INDUSTRIALI &#8211; CONTRACT NR. 14 \/ 03.10.20052.\u00a0\u00a0\u00a0\u00a0\u00a0\u00a0COMBUSTIBILI EMULSIONATI PENTRU O ARDERE CURATA &#8211; CONTRACT NR. 273 \/ 12.09.20063.\u00a0\u00a0\u00a0\u00a0\u00a0\u00a0DEZVOLTAREA UNUI LABORATOR PENTRU CONTROLUL EMISIILOR DE COMPUSI ORGANICI VOLATILI &#8211; CONTRACT NR. 216 \/ 10.08.20064.\u00a0\u00a0\u00a0\u00a0\u00a0\u00a0DEZVOLTAREA UNUI LABORATOR DE TESTARE A CALITATII CARBURANTILOR IN CONFORMITATE CU CERINTELE EUROPENE &#8211; CONTRACT NR. 230 \/ 10.08.2006 Proiecte PN II coordonate de Universitatea Petrol-Gaze din Ploie\u015fti Programul Na\u0163ional de Cercetare Dezvoltare PN II a constituit prilejul derul\u0103rii unor colabor\u0103ri \u015ftiin\u0163ifice sub forma unor proiecte de cercetare la care UPG Ploie\u015fti este coordonator.\u00a01.\u00a0\u00a0 \u00a0 \u00a0DEPOLUAREA APELOR REZIDUALE CU GRAD RIDICAT DE PERICULOZITATE SI RETINEREA IN SIGURANTA A IONILOR METALICI PE TUFURI ZEOLITICE MODIFICATE &#8211; CONTRACT NR. 32139 \/ 20082.\u00a0\u00a0\u00a0\u00a0\u00a0\u00a0TEHNOLOGII NECONVENTIONALE DE INALTA PRECIZIE PENTRU CRESTEREA DURABILITATII ROBINETELOR, CU APLICATII IN INDUSTRIA PETROLIERA \u2013 CONTRACT NR. 71076 \/ 20073.\u00a0\u00a0\u00a0\u00a0\u00a0\u00a0TEHNOLOGII DE VALORIFICARE ECOLOGICA &#8211; ENERGETICA- SUPERIOARA A BIOETANOLULUI \u2013 CONTRACT NR. 21064 \/ 20074.\u00a0\u00a0\u00a0\u00a0\u00a0\u00a0HIDROGEN DIN RESURSE BIO-REGENERABILE \u2013 CONTRACT NR. 21029 \/ 20075.\u00a0\u00a0\u00a0\u00a0\u00a0\u00a0VALORIFICAREA GLICERINEI REZULTATA LA SINTEZA BIODIESELULUI IN DIRECTIA OBTINERII DE COMBUSTIBILI CU ARDERE NEPOLUANTA SI DE ADITIVI ANTIGHEATA \u2013 CONTRACT NR. 21072 \/ 20076.\u00a0\u00a0\u00a0\u00a0\u00a0\u00a0ARHITECTURI PERFORMANTE &#8211; MICROINCAPSULAREA DE MEDICAMENTE SI ULEIURI ESENTIALE CU AJUTORUL POLIMERILOR BIOCOMPATIBILI<\/p>\n","protected":false},"author":1,"featured_media":0,"parent":0,"menu_order":0,"comment_status":"closed","ping_status":"closed","template":"","meta":{"_monsterinsights_skip_tracking":false,"_monsterinsights_sitenote_active":false,"_monsterinsights_sitenote_note":"","_monsterinsights_sitenote_category":0,"footnotes":""},"class_list":["post-4882","page","type-page","status-publish","hentry"],"_links":{"self":[{"href":"https:\/\/www.upg-ploiesti.ro\/index.php\/wp-json\/wp\/v2\/pages\/4882","targetHints":{"allow":["GET"]}}],"collection":[{"href":"https:\/\/www.upg-ploiesti.ro\/index.php\/wp-json\/wp\/v2\/pages"}],"about":[{"href":"https:\/\/www.upg-ploiesti.ro\/index.php\/wp-json\/wp\/v2\/types\/page"}],"author":[{"embeddable":true,"href":"https:\/\/www.upg-ploiesti.ro\/index.php\/wp-json\/wp\/v2\/users\/1"}],"replies":[{"embeddable":true,"href":"https:\/\/www.upg-ploiesti.ro\/index.php\/wp-json\/wp\/v2\/comments?post=4882"}],"version-history":[{"count":4,"href":"https:\/\/www.upg-ploiesti.ro\/index.php\/wp-json\/wp\/v2\/pages\/4882\/revisions"}],"predecessor-version":[{"id":7476,"href":"https:\/\/www.upg-ploiesti.ro\/index.php\/wp-json\/wp\/v2\/pages\/4882\/revisions\/7476"}],"wp:attachment":[{"href":"https:\/\/www.upg-ploiesti.ro\/index.php\/wp-json\/wp\/v2\/media?parent=4882"}],"curies":[{"name":"wp","href":"https:\/\/api.w.org\/{rel}","templated":true}]}}