{"id":4936,"date":"2024-08-09T06:35:36","date_gmt":"2024-08-09T06:35:36","guid":{"rendered":"https:\/\/www.upg-ploiesti.ro\/?page_id=4936"},"modified":"2025-05-14T12:22:04","modified_gmt":"2025-05-14T12:22:04","slug":"ghidul-studentului","status":"publish","type":"page","link":"https:\/\/www.upg-ploiesti.ro\/index.php\/ghidul-studentului\/","title":{"rendered":"GHIDUL STUDENTULUI"},"content":{"rendered":"\t\t<div data-elementor-type=\"wp-page\" data-elementor-id=\"4936\" class=\"elementor elementor-4936\">\n\t\t\t\t<div class=\"elementor-element elementor-element-1e2f809 e-flex e-con-boxed wpr-particle-no wpr-jarallax-no wpr-parallax-no wpr-sticky-section-no e-con e-parent\" data-id=\"1e2f809\" data-element_type=\"container\" data-e-type=\"container\">\n\t\t\t\t\t<div class=\"e-con-inner\">\n\t\t\t\t<div class=\"elementor-element elementor-element-5292a29 elementor-widget elementor-widget-spacer\" data-id=\"5292a29\" data-element_type=\"widget\" data-e-type=\"widget\" data-widget_type=\"spacer.default\">\n\t\t\t\t<div class=\"elementor-widget-container\">\n\t\t\t\t\t\t\t<div class=\"elementor-spacer\">\n\t\t\t<div class=\"elementor-spacer-inner\"><\/div>\n\t\t<\/div>\n\t\t\t\t\t\t<\/div>\n\t\t\t\t<\/div>\n\t\t\t\t<div class=\"elementor-element elementor-element-8b35659 elementor-widget elementor-widget-heading\" data-id=\"8b35659\" data-element_type=\"widget\" data-e-type=\"widget\" data-widget_type=\"heading.default\">\n\t\t\t\t<div class=\"elementor-widget-container\">\n\t\t\t\t\t<h3 class=\"elementor-heading-title elementor-size-default\">GHID DE STUDII 2024-2025<\/h3>\t\t\t\t<\/div>\n\t\t\t\t<\/div>\n\t\t\t\t<div class=\"elementor-element elementor-element-ee31597 elementor-widget elementor-widget-text-editor\" data-id=\"ee31597\" data-element_type=\"widget\" data-e-type=\"widget\" data-widget_type=\"text-editor.default\">\n\t\t\t\t<div class=\"elementor-widget-container\">\n\t\t\t\t\t\t\t\t\t<p><span style=\"color: #000000;\"><strong>Universitatea Petrol \u2013 Gaze din Ploie\u015fti (UPG Ploie\u0219ti)\u00a0<\/strong>este o institu\u0163ie de \u00eenv\u0103\u0163\u0103m\u00e2nt superior de stat, cu personalitate juridic\u0103 de drept public, apolitic\u0103 \u015fi av\u00e2nd caracter nonprofit. Sediul universit\u0103\u021bii este Bd. Bucure\u0219ti nr. 39, cod po\u0219tal 100680, Ploie\u0219ti, Jud. Prahova, Rom\u00e2nia.\u00a0<\/span><\/p><p><span style=\"color: #000000;\"><strong>Universitatea Petrol-Gaze din Ploie\u0219ti\u00a0<\/strong>are o tradi\u021bie de 76 de ani de excelen\u021b\u0103 \u00een educa\u021bie \u0219i cercetare. Este singura universitate de stat dintr-una dintre cele mai prospere \u0219i populate zone din Rom\u00e2nia, jude\u021bul Prahova. \u00a0<\/span><\/p><p><span style=\"color: #000000;\"><strong>Conducerea Universit\u0103\u021bii Petrol-Gaze<\/strong>\u00a0este asigurat\u0103 de\u00a0<a style=\"color: #000000;\" href=\"https:\/\/www.upg-ploiesti.ro\/ro\/senatul-universitatii\">Senatul universitar<\/a>\u00a0\u0219i de\u00a0<a style=\"color: #000000;\" href=\"http:\/\/www.upg-ploiesti.ro\/index.php\/consiliul-de-administratie\/\">Consiliul de Administra\u021bie<\/a>.\u00a0<\/span><\/p>\t\t\t\t\t\t\t\t<\/div>\n\t\t\t\t<\/div>\n\t\t\t\t<div class=\"elementor-element elementor-element-2f7ab3c elementor-widget-divider--view-line elementor-widget elementor-widget-divider\" data-id=\"2f7ab3c\" data-element_type=\"widget\" data-e-type=\"widget\" data-widget_type=\"divider.default\">\n\t\t\t\t<div class=\"elementor-widget-container\">\n\t\t\t\t\t\t\t<div class=\"elementor-divider\">\n\t\t\t<span class=\"elementor-divider-separator\">\n\t\t\t\t\t\t<\/span>\n\t\t<\/div>\n\t\t\t\t\t\t<\/div>\n\t\t\t\t<\/div>\n\t\t\t\t<div class=\"elementor-element elementor-element-e46f620 elementor-widget elementor-widget-text-editor\" data-id=\"e46f620\" data-element_type=\"widget\" data-e-type=\"widget\" data-widget_type=\"text-editor.default\">\n\t\t\t\t<div class=\"elementor-widget-container\">\n\t\t\t\t\t\t\t\t\t<p><span style=\"color: #000000;\">\u00cen cadrul universit\u0103\u021bii noastre func\u021bioneaz\u0103\u00a0<strong>cinci facult\u0103\u021bi<\/strong>\u00a0cu rezultate remarcabile \u00een domeniul educa\u021biei \u0219i cercet\u0103rii \u0219tiin\u021bifice:<\/span><\/p>\t\t\t\t\t\t\t\t<\/div>\n\t\t\t\t<\/div>\n\t\t\t\t\t<\/div>\n\t\t\t\t<\/div>\n\t\t<div class=\"elementor-element elementor-element-16a2b9d e-flex e-con-boxed wpr-particle-no wpr-jarallax-no wpr-parallax-no wpr-sticky-section-no e-con e-parent\" data-id=\"16a2b9d\" data-element_type=\"container\" data-e-type=\"container\">\n\t\t\t\t\t<div class=\"e-con-inner\">\n\t\t\t\t<div class=\"elementor-element elementor-element-dc84628 elementor-widget__width-initial elementor-widget elementor-widget-text-editor\" data-id=\"dc84628\" data-element_type=\"widget\" data-e-type=\"widget\" data-widget_type=\"text-editor.default\">\n\t\t\t\t<div class=\"elementor-widget-container\">\n\t\t\t\t\t\t\t\t\t<ul><li><span style=\"color: #3366ff;\"><a style=\"color: #3366ff;\" href=\"http:\/\/ipg.upg-ploiesti.ro\/\">Facultatea de Ingineria Petrolului \u0219i Gazelor<\/a><\/span><\/li><li><span style=\"color: #3366ff;\"><a style=\"color: #3366ff;\" href=\"http:\/\/ime.upg-ploiesti.ro\/\">Facultatea de Inginerie Mecanic\u0103 \u0219i Electric\u0103<\/a><\/span><\/li><li><span style=\"color: #3366ff;\"><a style=\"color: #3366ff;\" href=\"http:\/\/tpp.upg-ploiesti.ro\/\">Facultatea de Tehnologia Petrolului \u0219i Petrochimie<\/a><\/span><\/li><li><span style=\"color: #3366ff;\"><a style=\"color: #3366ff;\" href=\"http:\/\/se.upg-ploiesti.ro\/\">Facultatea de \u0218tiin\u021be Economice<\/a><\/span><\/li><li><span style=\"color: #3366ff;\"><a style=\"color: #3366ff;\" href=\"http:\/\/ls.upg-ploiesti.ro\/\">Facultatea de Litere \u0219i \u0218tiin\u021be<\/a><\/span><\/li><\/ul>\t\t\t\t\t\t\t\t<\/div>\n\t\t\t\t<\/div>\n\t\t\t\t<div class=\"elementor-element elementor-element-ece01d0 elementor-widget elementor-widget-image\" data-id=\"ece01d0\" data-element_type=\"widget\" data-e-type=\"widget\" data-widget_type=\"image.default\">\n\t\t\t\t<div class=\"elementor-widget-container\">\n\t\t\t\t\t\t\t\t\t\t\t\t\t\t\t<img fetchpriority=\"high\" decoding=\"async\" width=\"867\" height=\"169\" src=\"https:\/\/www.upg-ploiesti.ro\/wp-content\/uploads\/2024\/10\/SIGLE.png\" class=\"attachment-large size-large wp-image-8586\" alt=\"\" srcset=\"https:\/\/www.upg-ploiesti.ro\/wp-content\/uploads\/2024\/10\/SIGLE.png 867w, https:\/\/www.upg-ploiesti.ro\/wp-content\/uploads\/2024\/10\/SIGLE-300x58.png 300w, https:\/\/www.upg-ploiesti.ro\/wp-content\/uploads\/2024\/10\/SIGLE-768x150.png 768w\" sizes=\"(max-width: 867px) 100vw, 867px\" \/>\t\t\t\t\t\t\t\t\t\t\t\t\t\t\t<\/div>\n\t\t\t\t<\/div>\n\t\t\t\t\t<\/div>\n\t\t\t\t<\/div>\n\t\t<div class=\"elementor-element elementor-element-cc77308 e-flex e-con-boxed wpr-particle-no wpr-jarallax-no wpr-parallax-no wpr-sticky-section-no e-con e-parent\" data-id=\"cc77308\" data-element_type=\"container\" data-e-type=\"container\">\n\t\t\t\t\t<div class=\"e-con-inner\">\n\t\t\t\t<div class=\"elementor-element elementor-element-dc5a0d7 elementor-widget-divider--view-line elementor-widget elementor-widget-divider\" data-id=\"dc5a0d7\" data-element_type=\"widget\" data-e-type=\"widget\" data-widget_type=\"divider.default\">\n\t\t\t\t<div class=\"elementor-widget-container\">\n\t\t\t\t\t\t\t<div class=\"elementor-divider\">\n\t\t\t<span class=\"elementor-divider-separator\">\n\t\t\t\t\t\t<\/span>\n\t\t<\/div>\n\t\t\t\t\t\t<\/div>\n\t\t\t\t<\/div>\n\t\t\t\t<div class=\"elementor-element elementor-element-5f4996c elementor-align-center elementor-widget elementor-widget-button\" data-id=\"5f4996c\" data-element_type=\"widget\" data-e-type=\"widget\" data-widget_type=\"button.default\">\n\t\t\t\t<div class=\"elementor-widget-container\">\n\t\t\t\t\t\t\t\t\t<div class=\"elementor-button-wrapper\">\n\t\t\t\t\t<a class=\"elementor-button elementor-button-link elementor-size-sm\" href=\"https:\/\/www.upg-ploiesti.ro\/wp-content\/uploads\/2025\/05\/Ghidul-complet-al-studentului.pdf\">\n\t\t\t\t\t\t<span class=\"elementor-button-content-wrapper\">\n\t\t\t\t\t\t\t\t\t<span class=\"elementor-button-text\">GHIDUL COMPLET AL STUDENTULUI<\/span>\n\t\t\t\t\t<\/span>\n\t\t\t\t\t<\/a>\n\t\t\t\t<\/div>\n\t\t\t\t\t\t\t\t<\/div>\n\t\t\t\t<\/div>\n\t\t\t\t<div class=\"elementor-element elementor-element-667d965 elementor-widget-divider--view-line elementor-widget elementor-widget-divider\" data-id=\"667d965\" data-element_type=\"widget\" data-e-type=\"widget\" data-widget_type=\"divider.default\">\n\t\t\t\t<div class=\"elementor-widget-container\">\n\t\t\t\t\t\t\t<div class=\"elementor-divider\">\n\t\t\t<span class=\"elementor-divider-separator\">\n\t\t\t\t\t\t<\/span>\n\t\t<\/div>\n\t\t\t\t\t\t<\/div>\n\t\t\t\t<\/div>\n\t\t\t\t<div class=\"elementor-element elementor-element-7e670a5 elementor-widget elementor-widget-text-editor\" data-id=\"7e670a5\" data-element_type=\"widget\" data-e-type=\"widget\" data-widget_type=\"text-editor.default\">\n\t\t\t\t<div class=\"elementor-widget-container\">\n\t\t\t\t\t\t\t\t\t<p style=\"text-align: center;\"><span style=\"color: #000000;\"><strong>Activit\u0103\u021bile\u00a0<\/strong>se desf\u0103\u0219oar\u0103 conform<\/span>\u00a0<span style=\"color: #3366ff;\"><a style=\"color: #3366ff;\" href=\"http:\/\/www.upg-ploiesti.ro\/index.php\/structura-anului-universitar-2\/\">structurii anului universitar<\/a><\/span><span style=\"color: #000000;\">.<\/span><\/p>\t\t\t\t\t\t\t\t<\/div>\n\t\t\t\t<\/div>\n\t\t\t\t\t<\/div>\n\t\t\t\t<\/div>\n\t\t<div class=\"elementor-element elementor-element-c833cf3 e-flex e-con-boxed wpr-particle-no wpr-jarallax-no wpr-parallax-no wpr-sticky-section-no e-con e-parent\" data-id=\"c833cf3\" data-element_type=\"container\" data-e-type=\"container\">\n\t\t\t\t\t<div class=\"e-con-inner\">\n\t\t\t\t<div class=\"elementor-element elementor-element-2e7b89e elementor-widget-divider--view-line elementor-widget elementor-widget-divider\" data-id=\"2e7b89e\" data-element_type=\"widget\" data-e-type=\"widget\" data-widget_type=\"divider.default\">\n\t\t\t\t<div class=\"elementor-widget-container\">\n\t\t\t\t\t\t\t<div class=\"elementor-divider\">\n\t\t\t<span class=\"elementor-divider-separator\">\n\t\t\t\t\t\t<\/span>\n\t\t<\/div>\n\t\t\t\t\t\t<\/div>\n\t\t\t\t<\/div>\n\t\t\t\t<div class=\"elementor-element elementor-element-3106c73 elementor-widget elementor-widget-text-editor\" data-id=\"3106c73\" data-element_type=\"widget\" data-e-type=\"widget\" data-widget_type=\"text-editor.default\">\n\t\t\t\t<div class=\"elementor-widget-container\">\n\t\t\t\t\t\t\t\t\t<p><span style=\"color: #000000;\">Studen\u021bii pot urma cursurile Universit\u0103\u021bii Petrol-Gaze din Ploie\u0219ti at\u00e2t \u00een regim de finan\u021bare de la bugetul de stat, c\u00e2t \u0219i \u00een regim cu tax\u0103, \u00een func\u021bie de ierarhia stabilit\u0103 prin concursul de admitere. Universitatea ofer\u0103<\/span>\u00a0<span style=\"color: #3366ff;\"><a style=\"color: #3366ff;\" href=\"http:\/\/www.upg-ploiesti.ro\/wp-content\/uploads\/2024\/10\/R_08.01_REGULAMENT_BURSE_25.10.2018-1.pdf\">sprijin material ambelor categorii de studen\u021bi<\/a><\/span><span style=\"color: #000000;\">.<\/span><\/p><p><span style=\"color: #000000;\"><strong>Taxele \u0219colare \u0219i administrative<\/strong>\u00a0sunt disponbile pe\u00a0<\/span><span style=\"color: #3366ff;\"><a style=\"color: #3366ff;\" href=\"http:\/\/www.upg-ploiesti.ro\/index.php\/taxe-scolare-si-administrative\/\">site-ul universit\u0103\u021bii<\/a><span style=\"color: #000000;\">.<\/span><\/span><\/p><p><span style=\"color: #000000;\">Universitatea Petrol-Gaze din Ploie\u0219ti a adoptat\u00a0<strong>sistemul european de credite transferabile<\/strong> \u0219i \u00eencurajeaz\u0103 mobilitatea academic\u0103 a studen\u021bilor.<\/span><\/p>\t\t\t\t\t\t\t\t<\/div>\n\t\t\t\t<\/div>\n\t\t\t\t<div class=\"elementor-element elementor-element-64d7969 elementor-widget-divider--view-line elementor-widget elementor-widget-divider\" data-id=\"64d7969\" data-element_type=\"widget\" data-e-type=\"widget\" data-widget_type=\"divider.default\">\n\t\t\t\t<div class=\"elementor-widget-container\">\n\t\t\t\t\t\t\t<div class=\"elementor-divider\">\n\t\t\t<span class=\"elementor-divider-separator\">\n\t\t\t\t\t\t<\/span>\n\t\t<\/div>\n\t\t\t\t\t\t<\/div>\n\t\t\t\t<\/div>\n\t\t\t\t<div class=\"elementor-element elementor-element-3869c19 elementor-widget elementor-widget-text-editor\" data-id=\"3869c19\" data-element_type=\"widget\" data-e-type=\"widget\" data-widget_type=\"text-editor.default\">\n\t\t\t\t<div class=\"elementor-widget-container\">\n\t\t\t\t\t\t\t\t\t<p><span style=\"color: #000000;\">Universitatea Petrol-Gaze din Ploie\u0219ti ofer\u0103 servicii variate pentru a sprijini integrarea studen\u021bilor \u00een universitate.\u00a0<\/span><br \/><span style=\"color: #000000;\">Centrul de Consiliere \u0219i Orientare \u00een Carier\u0103 ofer\u0103 servicii de\u00a0<a style=\"color: #000000;\" href=\"http:\/\/ccoc.upg-ploiesti.ro\/\">consiliere \u0219i orientare \u00een carier\u0103 studen\u021bilor<\/a>.<\/span><br \/><span style=\"color: #000000;\">Secretariatele celor cinci facult\u0103\u021bi ofer\u0103 suport din punct de vedere administrativ\u00a0printr-un personal bine preg\u0103tit, dedicat activit\u0103\u021bilor cu studen\u021bii.<\/span><\/p>\t\t\t\t\t\t\t\t<\/div>\n\t\t\t\t<\/div>\n\t\t\t\t<div class=\"elementor-element elementor-element-bc7622a elementor-widget-divider--view-line elementor-widget elementor-widget-divider\" data-id=\"bc7622a\" data-element_type=\"widget\" data-e-type=\"widget\" data-widget_type=\"divider.default\">\n\t\t\t\t<div class=\"elementor-widget-container\">\n\t\t\t\t\t\t\t<div class=\"elementor-divider\">\n\t\t\t<span class=\"elementor-divider-separator\">\n\t\t\t\t\t\t<\/span>\n\t\t<\/div>\n\t\t\t\t\t\t<\/div>\n\t\t\t\t<\/div>\n\t\t\t\t<div class=\"elementor-element elementor-element-3839a80 elementor-widget elementor-widget-text-editor\" data-id=\"3839a80\" data-element_type=\"widget\" data-e-type=\"widget\" data-widget_type=\"text-editor.default\">\n\t\t\t\t<div class=\"elementor-widget-container\">\n\t\t\t\t\t\t\t\t\t<p><span style=\"color: #000000;\"><strong>Campusul universit\u0103\u021bii<\/strong>\u00a0noastre reprezint\u0103 un mediu prietenos care ofer\u0103 o gam\u0103 variat\u0103 de programe \u0219i activit\u0103\u021bi. Campusul este astfel organizat \u00eenc\u00e2t s\u0103 ofere cele mai bune condi\u021bii de \u00eenv\u0103\u021bare (amfiteatre, s\u0103li de curs \u0219i seminar, laboratoare dotate cu aparatur\u0103 modern\u0103, bibliotec\u0103).<\/span><\/p><p><span style=\"color: #000000;\">Centrul de \u00eenv\u0103\u021bare, organizat ca un spa\u021biu modern \u0219i adaptabil nevoilor de \u00eenv\u0103\u021bare, \u00eei aduce laolalt\u0103 pe to\u021bi cei care simt c\u0103 apar\u021bin comunit\u0103\u021bii universitare din Universitatea Petrol-Gaze din Ploie\u0219ti.<\/span><\/p><p><span style=\"color: #000000;\">Oferim \u00een egal\u0103 m\u0103sur\u0103 \u0219i cele mai bune condi\u021bii de via\u021b\u0103 \u00een campusul universitar.<\/span><\/p><p><span style=\"color: #000000;\">Studen\u021bii sunt caza\u021bi \u00een 7 c\u0103mine cu dot\u0103ri moderne:<\/span><\/p><ul><li><span style=\"color: #3366ff;\"><a style=\"color: #3366ff;\" href=\"http:\/\/www.upg-ploiesti.ro\/wp-content\/uploads\/2024\/10\/ANEXA-Camin-1.pdf\">C\u0102MIN 1<\/a><\/span><\/li><li><span style=\"color: #3366ff;\"><a style=\"color: #3366ff;\" href=\"http:\/\/www.upg-ploiesti.ro\/wp-content\/uploads\/2024\/10\/ANEXA-Camin-2.pdf\">C\u0102MIN 2<\/a><\/span><\/li><li><span style=\"color: #3366ff;\"><a style=\"color: #3366ff;\" href=\"http:\/\/www.upg-ploiesti.ro\/wp-content\/uploads\/2024\/10\/ANEXA-Camin-3.pdf\">C\u0102MIN 3<\/a><\/span><\/li><li><span style=\"color: #3366ff;\"><a style=\"color: #3366ff;\" href=\"http:\/\/www.upg-ploiesti.ro\/wp-content\/uploads\/2024\/10\/ANEXA-Camin-4.pdf\">C\u0102MIN 4<\/a><\/span><\/li><li><span style=\"color: #3366ff;\"><a style=\"color: #3366ff;\" href=\"http:\/\/www.upg-ploiesti.ro\/wp-content\/uploads\/2024\/10\/ANEXA-Camin-5.pdf\">C\u0102MIN 5<\/a><\/span><\/li><li><span style=\"color: #3366ff;\"><a style=\"color: #3366ff;\" href=\"http:\/\/www.upg-ploiesti.ro\/wp-content\/uploads\/2024\/10\/ANEXA-Camin-6.pdf\">C\u0102MIN 6<\/a><\/span><\/li><li><span style=\"color: #3366ff;\"><a style=\"color: #3366ff;\" href=\"http:\/\/www.upg-ploiesti.ro\/wp-content\/uploads\/2024\/10\/ANEXA-Camin-7.pdf\">C\u0102MIN 7<\/a><\/span><\/li><li><span style=\"color: #3366ff;\">C\u0102MIN 8<\/span><\/li><\/ul><p><span style=\"color: #000000;\">Pot face mi\u0219care \u00een aer liber sau \u00een interior, beneficiind de sala de sport \u0219i de terenuri \u00een aer liber.\u00a0<\/span><\/p>\t\t\t\t\t\t\t\t<\/div>\n\t\t\t\t<\/div>\n\t\t\t\t<div class=\"elementor-element elementor-element-84cf7bd elementor-widget-divider--view-line elementor-widget elementor-widget-divider\" data-id=\"84cf7bd\" data-element_type=\"widget\" data-e-type=\"widget\" data-widget_type=\"divider.default\">\n\t\t\t\t<div class=\"elementor-widget-container\">\n\t\t\t\t\t\t\t<div class=\"elementor-divider\">\n\t\t\t<span class=\"elementor-divider-separator\">\n\t\t\t\t\t\t<\/span>\n\t\t<\/div>\n\t\t\t\t\t\t<\/div>\n\t\t\t\t<\/div>\n\t\t\t\t<div class=\"elementor-element elementor-element-a5b3ede elementor-widget elementor-widget-text-editor\" data-id=\"a5b3ede\" data-element_type=\"widget\" data-e-type=\"widget\" data-widget_type=\"text-editor.default\">\n\t\t\t\t<div class=\"elementor-widget-container\">\n\t\t\t\t\t\t\t\t\t<p><span style=\"color: #000000;\">\u00cen Universitatea Petrol-Gaze din Ploie\u0219ti func\u021bioneaz\u0103, prin \u0219i pentru studen\u021bii celor cinci facult\u0103\u021bi,<\/span>\u00a0<span style=\"color: #3366ff;\"><a style=\"color: #3366ff;\" href=\"http:\/\/www.upg-ploiesti.ro\/index.php\/societatea-antreprenoriala-studenteasca\/\">Societatea Antreprenorial\u0103 Studen\u021beasc\u0103<\/a><\/span>, <span style=\"color: #000000;\">cu scopul de a sprijini, dezvolta \u015fi \u00eencuraja spiritului antreprenorial \u00een mediul universitar.\u00a0<\/span><\/p><p><span style=\"color: #000000;\">Pentru activit\u0103\u021bile non-formale \u0219i extracurriculare pe studen\u021bi \u00eei a\u0219teapt\u0103\u00a0<strong>Casa de Cultur\u0103 a Studen\u021bilor<\/strong>, care ofer\u0103 un cadru stimulativ de exprimare \u0219i afirmare social\u0103 prin activit\u0103\u021bi cultural-artistice, \u0219tiin\u021bifice, de voluntariat, antreprenoriat \u0219i sportive.<\/span><\/p><p><span style=\"color: #000000;\"><strong>Clubul Sportiv Universitar<\/strong>\u00a0ofer\u0103 cadrul de exprimare a studen\u0163ilor prin activit\u0103\u0163i sportive, facilit\u00e2nd schimburile, din punct de vedere sportiv, \u00eentre studen\u0163ii din Centrul Universitar Ploie\u0219ti \u0219i alte centre universitare.<\/span><br \/><span style=\"color: #000000;\">\u00cen cadrul Universit\u0103\u021bii Petrol-Gaze din Ploie\u0219ti func\u021bioneaz\u0103 mai multe\u00a0<strong>asocia\u021bii studen\u021be\u0219ti\u00a0<\/strong>care desf\u0103\u0219oar\u0103 activit\u0103\u021bi cu un caracter profesional, cultural, educativ \u0219i de angajare civic\u0103:<\/span><\/p><ul><li><span style=\"color: #000000;\">Liga Studen\u021bilor din Centrul Universitar Ploie\u0219ti (LSP)<\/span><\/li><li><span style=\"color: #000000;\">SPE Petroleum-Gas University of Ploie\u0219ti Student Chapter.<\/span><\/li><\/ul>\t\t\t\t\t\t\t\t<\/div>\n\t\t\t\t<\/div>\n\t\t\t\t<div class=\"elementor-element elementor-element-bde1ede elementor-widget elementor-widget-spacer\" data-id=\"bde1ede\" data-element_type=\"widget\" data-e-type=\"widget\" data-widget_type=\"spacer.default\">\n\t\t\t\t<div class=\"elementor-widget-container\">\n\t\t\t\t\t\t\t<div class=\"elementor-spacer\">\n\t\t\t<div class=\"elementor-spacer-inner\"><\/div>\n\t\t<\/div>\n\t\t\t\t\t\t<\/div>\n\t\t\t\t<\/div>\n\t\t\t\t\t<\/div>\n\t\t\t\t<\/div>\n\t\t\t\t<\/div>\n\t\t","protected":false},"excerpt":{"rendered":"<p>GHID DE STUDII 2024-2025 Universitatea Petrol \u2013 Gaze din Ploie\u015fti (UPG Ploie\u0219ti)\u00a0este o institu\u0163ie de \u00eenv\u0103\u0163\u0103m\u00e2nt superior de stat, cu personalitate juridic\u0103 de drept public, apolitic\u0103 \u015fi av\u00e2nd caracter nonprofit. Sediul universit\u0103\u021bii este Bd. Bucure\u0219ti nr. 39, cod po\u0219tal 100680, Ploie\u0219ti, Jud. Prahova, Rom\u00e2nia.\u00a0 Universitatea Petrol-Gaze din Ploie\u0219ti\u00a0are o tradi\u021bie de 76 de ani de excelen\u021b\u0103 \u00een educa\u021bie \u0219i cercetare. Este singura universitate de stat dintr-una dintre cele mai prospere \u0219i populate zone din Rom\u00e2nia, jude\u021bul Prahova. \u00a0 Conducerea Universit\u0103\u021bii Petrol-Gaze\u00a0este asigurat\u0103 de\u00a0Senatul universitar\u00a0\u0219i de\u00a0Consiliul de Administra\u021bie.\u00a0 \u00cen cadrul universit\u0103\u021bii noastre func\u021bioneaz\u0103\u00a0cinci facult\u0103\u021bi\u00a0cu rezultate remarcabile \u00een domeniul educa\u021biei \u0219i cercet\u0103rii \u0219tiin\u021bifice: Facultatea de Ingineria Petrolului \u0219i Gazelor Facultatea de Inginerie Mecanic\u0103 \u0219i Electric\u0103 Facultatea de Tehnologia Petrolului \u0219i Petrochimie Facultatea de \u0218tiin\u021be Economice Facultatea de Litere \u0219i \u0218tiin\u021be GHIDUL COMPLET AL STUDENTULUI Activit\u0103\u021bile\u00a0se desf\u0103\u0219oar\u0103 conform\u00a0structurii anului universitar. Studen\u021bii pot urma cursurile Universit\u0103\u021bii Petrol-Gaze din Ploie\u0219ti at\u00e2t \u00een regim de finan\u021bare de la bugetul de stat, c\u00e2t \u0219i \u00een regim cu tax\u0103, \u00een func\u021bie de ierarhia stabilit\u0103 prin concursul de admitere. Universitatea ofer\u0103\u00a0sprijin material ambelor categorii de studen\u021bi. Taxele \u0219colare \u0219i administrative\u00a0sunt disponbile pe\u00a0site-ul universit\u0103\u021bii. Universitatea Petrol-Gaze din Ploie\u0219ti a adoptat\u00a0sistemul european de credite transferabile \u0219i \u00eencurajeaz\u0103 mobilitatea academic\u0103 a studen\u021bilor. Universitatea Petrol-Gaze din Ploie\u0219ti ofer\u0103 servicii variate pentru a sprijini integrarea studen\u021bilor \u00een universitate.\u00a0Centrul de Consiliere \u0219i Orientare \u00een Carier\u0103 ofer\u0103 servicii de\u00a0consiliere \u0219i orientare \u00een carier\u0103 studen\u021bilor.Secretariatele celor cinci facult\u0103\u021bi ofer\u0103 suport din punct de vedere administrativ\u00a0printr-un personal bine preg\u0103tit, dedicat activit\u0103\u021bilor cu studen\u021bii. Campusul universit\u0103\u021bii\u00a0noastre reprezint\u0103 un mediu prietenos care ofer\u0103 o gam\u0103 variat\u0103 de programe \u0219i activit\u0103\u021bi. Campusul este astfel organizat \u00eenc\u00e2t s\u0103 ofere cele mai bune condi\u021bii de \u00eenv\u0103\u021bare (amfiteatre, s\u0103li de curs \u0219i seminar, laboratoare dotate cu aparatur\u0103 modern\u0103, bibliotec\u0103). Centrul de \u00eenv\u0103\u021bare, organizat ca un spa\u021biu modern \u0219i adaptabil nevoilor de \u00eenv\u0103\u021bare, \u00eei aduce laolalt\u0103 pe to\u021bi cei care simt c\u0103 apar\u021bin comunit\u0103\u021bii universitare din Universitatea Petrol-Gaze din Ploie\u0219ti. Oferim \u00een egal\u0103 m\u0103sur\u0103 \u0219i cele mai bune condi\u021bii de via\u021b\u0103 \u00een campusul universitar. Studen\u021bii sunt caza\u021bi \u00een 7 c\u0103mine cu dot\u0103ri moderne: C\u0102MIN 1 C\u0102MIN 2 C\u0102MIN 3 C\u0102MIN 4 C\u0102MIN 5 C\u0102MIN 6 C\u0102MIN 7 C\u0102MIN 8 Pot face mi\u0219care \u00een aer liber sau \u00een interior, beneficiind de sala de sport \u0219i de terenuri \u00een aer liber.\u00a0 \u00cen Universitatea Petrol-Gaze din Ploie\u0219ti func\u021bioneaz\u0103, prin \u0219i pentru studen\u021bii celor cinci facult\u0103\u021bi,\u00a0Societatea Antreprenorial\u0103 Studen\u021beasc\u0103, cu scopul de a sprijini, dezvolta \u015fi \u00eencuraja spiritului antreprenorial \u00een mediul universitar.\u00a0 Pentru activit\u0103\u021bile non-formale \u0219i extracurriculare pe studen\u021bi \u00eei a\u0219teapt\u0103\u00a0Casa de Cultur\u0103 a Studen\u021bilor, care ofer\u0103 un cadru stimulativ de exprimare \u0219i afirmare social\u0103 prin activit\u0103\u021bi cultural-artistice, \u0219tiin\u021bifice, de voluntariat, antreprenoriat \u0219i sportive. Clubul Sportiv Universitar\u00a0ofer\u0103 cadrul de exprimare a studen\u0163ilor prin activit\u0103\u0163i sportive, facilit\u00e2nd schimburile, din punct de vedere sportiv, \u00eentre studen\u0163ii din Centrul Universitar Ploie\u0219ti \u0219i alte centre universitare.\u00cen cadrul Universit\u0103\u021bii Petrol-Gaze din Ploie\u0219ti func\u021bioneaz\u0103 mai multe\u00a0asocia\u021bii studen\u021be\u0219ti\u00a0care desf\u0103\u0219oar\u0103 activit\u0103\u021bi cu un caracter profesional, cultural, educativ \u0219i de angajare civic\u0103: Liga Studen\u021bilor din Centrul Universitar Ploie\u0219ti (LSP) SPE Petroleum-Gas University of Ploie\u0219ti Student Chapter.<\/p>\n","protected":false},"author":1,"featured_media":0,"parent":0,"menu_order":0,"comment_status":"closed","ping_status":"closed","template":"","meta":{"_monsterinsights_skip_tracking":false,"_monsterinsights_sitenote_active":false,"_monsterinsights_sitenote_note":"","_monsterinsights_sitenote_category":0,"footnotes":""},"class_list":["post-4936","page","type-page","status-publish","hentry"],"_links":{"self":[{"href":"https:\/\/www.upg-ploiesti.ro\/index.php\/wp-json\/wp\/v2\/pages\/4936","targetHints":{"allow":["GET"]}}],"collection":[{"href":"https:\/\/www.upg-ploiesti.ro\/index.php\/wp-json\/wp\/v2\/pages"}],"about":[{"href":"https:\/\/www.upg-ploiesti.ro\/index.php\/wp-json\/wp\/v2\/types\/page"}],"author":[{"embeddable":true,"href":"https:\/\/www.upg-ploiesti.ro\/index.php\/wp-json\/wp\/v2\/users\/1"}],"replies":[{"embeddable":true,"href":"https:\/\/www.upg-ploiesti.ro\/index.php\/wp-json\/wp\/v2\/comments?post=4936"}],"version-history":[{"count":61,"href":"https:\/\/www.upg-ploiesti.ro\/index.php\/wp-json\/wp\/v2\/pages\/4936\/revisions"}],"predecessor-version":[{"id":13288,"href":"https:\/\/www.upg-ploiesti.ro\/index.php\/wp-json\/wp\/v2\/pages\/4936\/revisions\/13288"}],"wp:attachment":[{"href":"https:\/\/www.upg-ploiesti.ro\/index.php\/wp-json\/wp\/v2\/media?parent=4936"}],"curies":[{"name":"wp","href":"https:\/\/api.w.org\/{rel}","templated":true}]}}