{"id":4940,"date":"2024-08-09T06:36:08","date_gmt":"2024-08-09T06:36:08","guid":{"rendered":"https:\/\/www.upg-ploiesti.ro\/?page_id=4940"},"modified":"2026-03-04T07:59:58","modified_gmt":"2026-03-04T07:59:58","slug":"burse","status":"publish","type":"page","link":"https:\/\/www.upg-ploiesti.ro\/index.php\/burse\/","title":{"rendered":"BURSE"},"content":{"rendered":"\t\t<div data-elementor-type=\"wp-page\" data-elementor-id=\"4940\" class=\"elementor elementor-4940\">\n\t\t\t\t<div class=\"elementor-element elementor-element-4560e82 e-flex e-con-boxed wpr-particle-no wpr-jarallax-no wpr-parallax-no wpr-sticky-section-no wpr-equal-height-no e-con e-parent\" data-id=\"4560e82\" data-element_type=\"container\" data-e-type=\"container\">\n\t\t\t\t\t<div class=\"e-con-inner\">\n\t\t\t\t<div class=\"elementor-element elementor-element-7042a4d elementor-widget elementor-widget-spacer\" data-id=\"7042a4d\" data-element_type=\"widget\" data-e-type=\"widget\" data-widget_type=\"spacer.default\">\n\t\t\t\t<div class=\"elementor-widget-container\">\n\t\t\t\t\t\t\t<div class=\"elementor-spacer\">\n\t\t\t<div class=\"elementor-spacer-inner\"><\/div>\n\t\t<\/div>\n\t\t\t\t\t\t<\/div>\n\t\t\t\t<\/div>\n\t\t\t\t<div class=\"elementor-element elementor-element-a677d1d elementor-widget elementor-widget-text-editor\" data-id=\"a677d1d\" data-element_type=\"widget\" data-e-type=\"widget\" data-widget_type=\"text-editor.default\">\n\t\t\t\t<div class=\"elementor-widget-container\">\n\t\t\t\t\t\t\t\t\t<ul><li><span style=\"color: #000080;\"><strong><a style=\"color: #000080;\" href=\"https:\/\/www.upg-ploiesti.ro\/wp-content\/uploads\/2025\/10\/Cuantum-burse.pdf\">CUANTUM BURSE 2025-2026<\/a><\/strong><\/span><\/li><li><strong><span style=\"color: #333399;\"><a style=\"color: #333399;\" href=\"https:\/\/www.upg-ploiesti.ro\/wp-content\/uploads\/2026\/03\/Calendar-reduceri-sem-2-2025-2026_dupa-CA.pdf\">CALENDARULUI ACTIVIT\u0102\u021aILOR PRIVIND ACORDAREA BURSELOR \u0218I A ALTOR FORME DE SPRIJIN MATERIAL PENTRU STUDEN\u021aII \u00ceNMATRICULA\u021aI LA CURSURILE CU FRECVEN\u021a\u0102, STUDII UNIVERSITARE DE LICEN\u021a\u0102, STUDII UNIVERSITARE DE MASTER, SEMESTRUL II, ANUL UNIVERSITAR 2025-2026<\/a><\/span><\/strong><\/li><li><span style=\"color: #000080;\"><strong><a style=\"color: #000080;\" href=\"https:\/\/www.upg-ploiesti.ro\/wp-content\/uploads\/2025\/10\/Calendar-BURSE-dupa-CA-15.10.2025.pdf\">CALENDARULUI ACTIVIT\u0102\u021aILOR PRIVIND ACORDAREA BURSELOR \u0218I A ALTOR FORME DE SPRIJIN MATERIAL PENTRU STUDEN\u021aII \u00ceNMATRICULA\u021aI LA CURSURILE CU FRECVEN\u021a\u0102, STUDII UNIVERSITARE DE LICEN\u021a\u0102, STUDII UNIVERSITARE DE MASTER, SEMESTRUL I, ANUL UNIVERSITAR 2025-2026<\/a><\/strong><\/span><\/li><li><strong><span style=\"color: #333399;\"><a style=\"color: #333399;\" href=\"https:\/\/www.upg-ploiesti.ro\/wp-content\/uploads\/2025\/10\/R-08.01.15.00.pdf\">REGULAMENTUL DE ACORDARE A BURSELOR \u015eI A ALTOR FORME DE SPRIJIN MATERIAL PENTRU STUDEN\u0162II \u00ceNMATRICULA\u0162I LA CURSURILE CU FRECVEN\u0162\u0102\u2013LICEN\u0162\u0102 \u015eI MASTER<\/a><\/span><\/strong><\/li><\/ul>\t\t\t\t\t\t\t\t<\/div>\n\t\t\t\t<\/div>\n\t\t\t\t<div class=\"elementor-element elementor-element-0bfefe3 elementor-widget-divider--view-line elementor-widget elementor-widget-divider\" data-id=\"0bfefe3\" data-element_type=\"widget\" data-e-type=\"widget\" data-widget_type=\"divider.default\">\n\t\t\t\t<div class=\"elementor-widget-container\">\n\t\t\t\t\t\t\t<div class=\"elementor-divider\">\n\t\t\t<span class=\"elementor-divider-separator\">\n\t\t\t\t\t\t<\/span>\n\t\t<\/div>\n\t\t\t\t\t\t<\/div>\n\t\t\t\t<\/div>\n\t\t\t\t\t<\/div>\n\t\t\t\t<\/div>\n\t\t<div class=\"elementor-element elementor-element-e351659 e-flex e-con-boxed wpr-particle-no wpr-jarallax-no wpr-parallax-no wpr-sticky-section-no wpr-equal-height-no e-con e-parent\" data-id=\"e351659\" data-element_type=\"container\" data-e-type=\"container\">\n\t\t\t\t\t<div class=\"e-con-inner\">\n\t\t\t\t<div class=\"elementor-element elementor-element-c33e986 elementor-widget elementor-widget-text-editor\" data-id=\"c33e986\" data-element_type=\"widget\" data-e-type=\"widget\" data-widget_type=\"text-editor.default\">\n\t\t\t\t<div class=\"elementor-widget-container\">\n\t\t\t\t\t\t\t\t\t<p><span style=\"color: #000000;\"><strong>BURSA ROMGAZ:<\/strong><\/span><\/p><ul><li><strong><span style=\"color: #333399;\"><a style=\"color: #333399;\" href=\"http:\/\/www.upg-ploiesti.ro\/wp-content\/uploads\/2024\/10\/Anunt-Universitate-UPG-Ploiesti.docx\">ANUNT<\/a><\/span><\/strong><\/li><li><strong><span style=\"color: #333399;\"><a style=\"color: #333399;\" href=\"http:\/\/www.upg-ploiesti.ro\/wp-content\/uploads\/2024\/10\/REGULAMENT-ACORDARE-BURSE-U.P.G.-ROMGAZ-2023-2024.pdf\">REGULAMENT<\/a><\/span><\/strong><\/li><li><strong><span style=\"color: #333399;\"><a style=\"color: #333399;\" href=\"http:\/\/www.upg-ploiesti.ro\/wp-content\/uploads\/2024\/10\/ACORD-PRELUCRARE-DATE-CU-CARACTER-PERSONAL-1.docx\">ACORD PRELUCRARE DATE CU CARACTER PERSONAL<\/a><\/span><\/strong><\/li><li><strong><span style=\"color: #333399;\"><a style=\"color: #333399;\" href=\"http:\/\/www.upg-ploiesti.ro\/wp-content\/uploads\/2024\/10\/SCRISOARE-MOTIVATIONALA.docx\">SCRISOARE MOTIVATIONALA<\/a><\/span><\/strong><\/li><\/ul>\t\t\t\t\t\t\t\t<\/div>\n\t\t\t\t<\/div>\n\t\t\t\t<div class=\"elementor-element elementor-element-90167b6 elementor-widget-divider--view-line elementor-widget elementor-widget-divider\" data-id=\"90167b6\" data-element_type=\"widget\" data-e-type=\"widget\" data-widget_type=\"divider.default\">\n\t\t\t\t<div class=\"elementor-widget-container\">\n\t\t\t\t\t\t\t<div class=\"elementor-divider\">\n\t\t\t<span class=\"elementor-divider-separator\">\n\t\t\t\t\t\t<\/span>\n\t\t<\/div>\n\t\t\t\t\t\t<\/div>\n\t\t\t\t<\/div>\n\t\t\t\t<div class=\"elementor-element elementor-element-91868b4 elementor-widget elementor-widget-text-editor\" data-id=\"91868b4\" data-element_type=\"widget\" data-e-type=\"widget\" data-widget_type=\"text-editor.default\">\n\t\t\t\t<div class=\"elementor-widget-container\">\n\t\t\t\t\t\t\t\t\t<p><span style=\"color: #000000;\"><strong>BURSA CUM LAUDE:<\/strong><\/span><\/p><ul><li><span style=\"color: #000080;\"><a style=\"color: #000080;\" href=\"http:\/\/www.upg-ploiesti.ro\/wp-content\/uploads\/2024\/09\/R-08.06_2.0.-Final-2024.pdf\"><strong>REGULAMENT<\/strong><\/a><\/span><\/li><\/ul>\t\t\t\t\t\t\t\t<\/div>\n\t\t\t\t<\/div>\n\t\t\t\t<div class=\"elementor-element elementor-element-9f5c266 elementor-widget-divider--view-line elementor-widget elementor-widget-divider\" data-id=\"9f5c266\" data-element_type=\"widget\" data-e-type=\"widget\" data-widget_type=\"divider.default\">\n\t\t\t\t<div class=\"elementor-widget-container\">\n\t\t\t\t\t\t\t<div class=\"elementor-divider\">\n\t\t\t<span class=\"elementor-divider-separator\">\n\t\t\t\t\t\t<\/span>\n\t\t<\/div>\n\t\t\t\t\t\t<\/div>\n\t\t\t\t<\/div>\n\t\t\t\t<div class=\"elementor-element elementor-element-5513cc0 elementor-widget elementor-widget-text-editor\" data-id=\"5513cc0\" data-element_type=\"widget\" data-e-type=\"widget\" data-widget_type=\"text-editor.default\">\n\t\t\t\t<div class=\"elementor-widget-container\">\n\t\t\t\t\t\t\t\t\t<p><span style=\"color: #000000;\"><strong>ACORDAREA PREMIILOR \u0218I MEN\u021aIUNILOR \u00ceN CADRUL MANIFEST\u00c3RILOR \u015eTIIN\u0162IFICE \u015eI A CONCURSURILOR PROFESIONALE STUDEN\u0162E\u015eTI:<\/strong><\/span><\/p><ul><li><strong><span style=\"color: #333399;\"><a href=\"http:\/\/www.upg-ploiesti.ro\/wp-content\/uploads\/2024\/12\/R-08-07-METODOLOGIA-DE-ACORDARE-A-PREMIILOR-SI-MENTIUNILOR-IN-CADRUL-MANIFESTARILOR-STIINTIFICE-SI-A-CONCURSURILOR-PROFESIONALE-STUDENTESTI.pdf\"><span style=\"color: #000080;\">REGULAMENT<\/span><\/a><\/span><\/strong><\/li><\/ul>\t\t\t\t\t\t\t\t<\/div>\n\t\t\t\t<\/div>\n\t\t\t\t<div class=\"elementor-element elementor-element-2ebc8f2 elementor-widget-divider--view-line elementor-widget elementor-widget-divider\" data-id=\"2ebc8f2\" data-element_type=\"widget\" data-e-type=\"widget\" data-widget_type=\"divider.default\">\n\t\t\t\t<div class=\"elementor-widget-container\">\n\t\t\t\t\t\t\t<div class=\"elementor-divider\">\n\t\t\t<span class=\"elementor-divider-separator\">\n\t\t\t\t\t\t<\/span>\n\t\t<\/div>\n\t\t\t\t\t\t<\/div>\n\t\t\t\t<\/div>\n\t\t\t\t<div class=\"elementor-element elementor-element-d3fe962 elementor-widget elementor-widget-text-editor\" data-id=\"d3fe962\" data-element_type=\"widget\" data-e-type=\"widget\" data-widget_type=\"text-editor.default\">\n\t\t\t\t<div class=\"elementor-widget-container\">\n\t\t\t\t\t\t\t\t\t<p><span style=\"color: #000000;\"><strong>BURSA EDUCA\u021aIEI F\u0102R\u0102 FRONTIERE :<\/strong><\/span><\/p><ul><li><a href=\"http:\/\/www.upg-ploiesti.ro\/wp-content\/uploads\/2025\/03\/20-R-08-09-REGULAMENT-PRIVIND-ACORDAREA-BURSEI-EDUCATIE-FARA-FRONTIERE-dupa-CA15012025-si-codifcat.pdf\"><strong><span style=\"color: #333399;\">REGULAMENT<\/span><\/strong><\/a><\/li><\/ul>\t\t\t\t\t\t\t\t<\/div>\n\t\t\t\t<\/div>\n\t\t\t\t<div class=\"elementor-element elementor-element-cc9df44 elementor-widget-divider--view-line elementor-widget elementor-widget-divider\" data-id=\"cc9df44\" data-element_type=\"widget\" data-e-type=\"widget\" data-widget_type=\"divider.default\">\n\t\t\t\t<div class=\"elementor-widget-container\">\n\t\t\t\t\t\t\t<div class=\"elementor-divider\">\n\t\t\t<span class=\"elementor-divider-separator\">\n\t\t\t\t\t\t<\/span>\n\t\t<\/div>\n\t\t\t\t\t\t<\/div>\n\t\t\t\t<\/div>\n\t\t\t\t<div class=\"elementor-element elementor-element-2569ded elementor-widget elementor-widget-text-editor\" data-id=\"2569ded\" data-element_type=\"widget\" data-e-type=\"widget\" data-widget_type=\"text-editor.default\">\n\t\t\t\t<div class=\"elementor-widget-container\">\n\t\t\t\t\t\t\t\t\t<p><span style=\"color: #000000;\"><strong>BURSA MEHEDIN\u021aEANU:<\/strong><\/span><\/p><ul><li><a href=\"http:\/\/www.upg-ploiesti.ro\/wp-content\/uploads\/2025\/03\/R-01-27-REGULAMENTUL-DE-ACORDARE-A-BURSEI-MEHEDINTEANU.pdf\"><strong><span style=\"color: #333399;\">REGULAMENT<\/span><\/strong><\/a><\/li><\/ul>\t\t\t\t\t\t\t\t<\/div>\n\t\t\t\t<\/div>\n\t\t\t\t\t<\/div>\n\t\t\t\t<\/div>\n\t\t<div class=\"elementor-element elementor-element-a051fe4 e-flex e-con-boxed wpr-particle-no wpr-jarallax-no wpr-parallax-no wpr-sticky-section-no wpr-equal-height-no e-con e-parent\" data-id=\"a051fe4\" data-element_type=\"container\" data-e-type=\"container\">\n\t\t\t\t\t<div class=\"e-con-inner\">\n\t\t\t\t<div class=\"elementor-element elementor-element-454c1cd elementor-widget-divider--view-line elementor-widget elementor-widget-divider\" data-id=\"454c1cd\" data-element_type=\"widget\" data-e-type=\"widget\" data-widget_type=\"divider.default\">\n\t\t\t\t<div class=\"elementor-widget-container\">\n\t\t\t\t\t\t\t<div class=\"elementor-divider\">\n\t\t\t<span class=\"elementor-divider-separator\">\n\t\t\t\t\t\t<\/span>\n\t\t<\/div>\n\t\t\t\t\t\t<\/div>\n\t\t\t\t<\/div>\n\t\t\t\t\t<\/div>\n\t\t\t\t<\/div>\n\t\t\t\t<\/div>\n\t\t","protected":false},"excerpt":{"rendered":"<p>CUANTUM BURSE 2025-2026 CALENDARULUI ACTIVIT\u0102\u021aILOR PRIVIND ACORDAREA BURSELOR \u0218I A ALTOR FORME DE SPRIJIN MATERIAL PENTRU STUDEN\u021aII \u00ceNMATRICULA\u021aI LA CURSURILE CU FRECVEN\u021a\u0102, STUDII UNIVERSITARE DE LICEN\u021a\u0102, STUDII UNIVERSITARE DE MASTER, SEMESTRUL II, ANUL UNIVERSITAR 2025-2026 CALENDARULUI ACTIVIT\u0102\u021aILOR PRIVIND ACORDAREA BURSELOR \u0218I A ALTOR FORME DE SPRIJIN MATERIAL PENTRU STUDEN\u021aII \u00ceNMATRICULA\u021aI LA CURSURILE CU FRECVEN\u021a\u0102, STUDII UNIVERSITARE DE LICEN\u021a\u0102, STUDII UNIVERSITARE DE MASTER, SEMESTRUL I, ANUL UNIVERSITAR 2025-2026 REGULAMENTUL DE ACORDARE A BURSELOR \u015eI A ALTOR FORME DE SPRIJIN MATERIAL PENTRU STUDEN\u0162II \u00ceNMATRICULA\u0162I LA CURSURILE CU FRECVEN\u0162\u0102\u2013LICEN\u0162\u0102 \u015eI MASTER BURSA ROMGAZ: ANUNT REGULAMENT ACORD PRELUCRARE DATE CU CARACTER PERSONAL SCRISOARE MOTIVATIONALA BURSA CUM LAUDE: REGULAMENT ACORDAREA PREMIILOR \u0218I MEN\u021aIUNILOR \u00ceN CADRUL MANIFEST\u00c3RILOR \u015eTIIN\u0162IFICE \u015eI A CONCURSURILOR PROFESIONALE STUDEN\u0162E\u015eTI: REGULAMENT BURSA EDUCA\u021aIEI F\u0102R\u0102 FRONTIERE : REGULAMENT BURSA MEHEDIN\u021aEANU: REGULAMENT<\/p>\n","protected":false},"author":1,"featured_media":0,"parent":0,"menu_order":0,"comment_status":"closed","ping_status":"closed","template":"","meta":{"_monsterinsights_skip_tracking":false,"_monsterinsights_sitenote_active":false,"_monsterinsights_sitenote_note":"","_monsterinsights_sitenote_category":0,"footnotes":""},"class_list":["post-4940","page","type-page","status-publish","hentry"],"_links":{"self":[{"href":"https:\/\/www.upg-ploiesti.ro\/index.php\/wp-json\/wp\/v2\/pages\/4940","targetHints":{"allow":["GET"]}}],"collection":[{"href":"https:\/\/www.upg-ploiesti.ro\/index.php\/wp-json\/wp\/v2\/pages"}],"about":[{"href":"https:\/\/www.upg-ploiesti.ro\/index.php\/wp-json\/wp\/v2\/types\/page"}],"author":[{"embeddable":true,"href":"https:\/\/www.upg-ploiesti.ro\/index.php\/wp-json\/wp\/v2\/users\/1"}],"replies":[{"embeddable":true,"href":"https:\/\/www.upg-ploiesti.ro\/index.php\/wp-json\/wp\/v2\/comments?post=4940"}],"version-history":[{"count":31,"href":"https:\/\/www.upg-ploiesti.ro\/index.php\/wp-json\/wp\/v2\/pages\/4940\/revisions"}],"predecessor-version":[{"id":16637,"href":"https:\/\/www.upg-ploiesti.ro\/index.php\/wp-json\/wp\/v2\/pages\/4940\/revisions\/16637"}],"wp:attachment":[{"href":"https:\/\/www.upg-ploiesti.ro\/index.php\/wp-json\/wp\/v2\/media?parent=4940"}],"curies":[{"name":"wp","href":"https:\/\/api.w.org\/{rel}","templated":true}]}}