{"id":8514,"date":"2024-10-04T08:42:12","date_gmt":"2024-10-04T08:42:12","guid":{"rendered":"https:\/\/www.upg-ploiesti.ro\/?page_id=8514"},"modified":"2024-10-04T08:55:18","modified_gmt":"2024-10-04T08:55:18","slug":"zilele-universitare-europene-editia-a-vi-a-13-16-mai-2019","status":"publish","type":"page","link":"https:\/\/www.upg-ploiesti.ro\/index.php\/zilele-universitare-europene-editia-a-vi-a-13-16-mai-2019\/","title":{"rendered":"Zilele universitare europene Edi\u021bia a VI-a 13-16 mai 2019"},"content":{"rendered":"\t\t<div data-elementor-type=\"wp-page\" data-elementor-id=\"8514\" class=\"elementor elementor-8514\">\n\t\t\t\t<div class=\"elementor-element elementor-element-db680e0 e-flex e-con-boxed wpr-particle-no wpr-jarallax-no wpr-parallax-no wpr-sticky-section-no wpr-equal-height-no e-con e-parent\" data-id=\"db680e0\" data-element_type=\"container\" data-e-type=\"container\">\n\t\t\t\t\t<div class=\"e-con-inner\">\n\t\t\t\t<div class=\"elementor-element elementor-element-9865bae elementor-widget elementor-widget-heading\" data-id=\"9865bae\" data-element_type=\"widget\" data-e-type=\"widget\" data-widget_type=\"heading.default\">\n\t\t\t\t<div class=\"elementor-widget-container\">\n\t\t\t\t\t<h3 class=\"elementor-heading-title elementor-size-default\">Invita\u021bie la<br>Zilele Universitare Europene<br>Edi\u021bia a VI-a<br>13-16 mai 2019<\/h3>\t\t\t\t<\/div>\n\t\t\t\t<\/div>\n\t\t\t\t<div class=\"elementor-element elementor-element-6329a19 elementor-widget elementor-widget-text-editor\" data-id=\"6329a19\" data-element_type=\"widget\" data-e-type=\"widget\" data-widget_type=\"text-editor.default\">\n\t\t\t\t<div class=\"elementor-widget-container\">\n\t\t\t\t\t\t\t\t\t<p class=\"m-8178019162643399384m8937696470644048212gmail-m-7457213394803547444ydpcf8a893byiv3393409676ydpc010b58c\" style=\"text-align: center;\">Universitatea Petrol-Gaze din Ploie\u015fti, Societatea Antreprenorial\u0103 Studen\u021beasc\u0103,\u00a0\u00a0Facultatea de \u0218tiin\u021be Economice, Liga Studen\u021bilor din Centrul Universitar Ploie\u0219ti \u0219i Casa de Cultur\u0103 a Studen\u021bilor Ploie\u0219ti deruleaz\u0103,\u00a0\u00a0\u00een perioada\u00a0<b>13.05.2019- 16.05.2019,\u00a0ZILELE UNIVERSITARE EUROPENE.<\/b><\/p><p class=\"m-8178019162643399384m8937696470644048212gmail-m-7457213394803547444ydpcf8a893byiv3393409676ydpc010b58c\" style=\"text-align: center;\">\u00cen cadrul\u00a0proiectului sunt organizate evenimente \u015ftiin\u0163ifice, educative \u015fi culturale, conform programului ata\u0219at.<\/p><p class=\"m-8178019162643399384m8937696470644048212gmail-m-7457213394803547444ydpcf8a893byiv3393409676ydpc010b58c\" style=\"text-align: center;\">Ne face o deosebit\u0103 pl\u0103cere s\u0103 v\u0103 invit\u0103m la evenimentele incluse \u00een proiectul\u00a0<b>ZILELE UNIVERSITARE EUROPENE\u00a0\u201e\u00ceMPREUN\u0102 PENTRU EUROPA\u201d<\/b>.<\/p><p class=\"m-8178019162643399384m8937696470644048212gmail-m-7457213394803547444ydpcf8a893byiv3393409676ydpc010b58cyiv5694323412ydp633aa43cyiv4429145347ydp796799ayiv9462649210ydp8ef46002yiv0116685643ydp703f17aayiv8820251938ydp991e94b1yiv5764166137ydpbcac226bmson\" style=\"text-align: center;\" align=\"center\">V\u0103 asigur\u0103m de \u00eenalta noastr\u0103 considera\u0163ie!<\/p>\t\t\t\t\t\t\t\t<\/div>\n\t\t\t\t<\/div>\n\t\t\t\t<div class=\"elementor-element elementor-element-96ac4f5 elementor-widget elementor-widget-image\" data-id=\"96ac4f5\" data-element_type=\"widget\" data-e-type=\"widget\" data-widget_type=\"image.default\">\n\t\t\t\t<div class=\"elementor-widget-container\">\n\t\t\t\t\t\t\t\t\t\t\t\t\t\t\t<img fetchpriority=\"high\" decoding=\"async\" width=\"724\" height=\"1024\" src=\"https:\/\/www.upg-ploiesti.ro\/wp-content\/uploads\/2024\/10\/ue-28-2019-upg3asdas-scaled-724x1024.jpg\" class=\"attachment-large size-large wp-image-8537\" alt=\"\" srcset=\"https:\/\/www.upg-ploiesti.ro\/wp-content\/uploads\/2024\/10\/ue-28-2019-upg3asdas-scaled-724x1024.jpg 724w, https:\/\/www.upg-ploiesti.ro\/wp-content\/uploads\/2024\/10\/ue-28-2019-upg3asdas-scaled-212x300.jpg 212w, https:\/\/www.upg-ploiesti.ro\/wp-content\/uploads\/2024\/10\/ue-28-2019-upg3asdas-scaled-768x1086.jpg 768w, https:\/\/www.upg-ploiesti.ro\/wp-content\/uploads\/2024\/10\/ue-28-2019-upg3asdas-scaled-1087x1536.jpg 1087w, https:\/\/www.upg-ploiesti.ro\/wp-content\/uploads\/2024\/10\/ue-28-2019-upg3asdas-scaled-1449x2048.jpg 1449w, https:\/\/www.upg-ploiesti.ro\/wp-content\/uploads\/2024\/10\/ue-28-2019-upg3asdas-scaled.jpg 1811w\" sizes=\"(max-width: 724px) 100vw, 724px\" \/>\t\t\t\t\t\t\t\t\t\t\t\t\t\t\t<\/div>\n\t\t\t\t<\/div>\n\t\t\t\t<div class=\"elementor-element elementor-element-442c370 elementor-widget elementor-widget-image\" data-id=\"442c370\" data-element_type=\"widget\" data-e-type=\"widget\" data-widget_type=\"image.default\">\n\t\t\t\t<div class=\"elementor-widget-container\">\n\t\t\t\t\t\t\t\t\t\t\t\t\t\t\t<img decoding=\"async\" width=\"724\" height=\"1024\" src=\"https:\/\/www.upg-ploiesti.ro\/wp-content\/uploads\/2024\/10\/ue-28-2019-upg3_Page_3-scaled-724x1024.jpg\" class=\"attachment-large size-large wp-image-8529\" alt=\"\" srcset=\"https:\/\/www.upg-ploiesti.ro\/wp-content\/uploads\/2024\/10\/ue-28-2019-upg3_Page_3-scaled-724x1024.jpg 724w, https:\/\/www.upg-ploiesti.ro\/wp-content\/uploads\/2024\/10\/ue-28-2019-upg3_Page_3-scaled-212x300.jpg 212w, https:\/\/www.upg-ploiesti.ro\/wp-content\/uploads\/2024\/10\/ue-28-2019-upg3_Page_3-scaled-768x1086.jpg 768w, https:\/\/www.upg-ploiesti.ro\/wp-content\/uploads\/2024\/10\/ue-28-2019-upg3_Page_3-scaled-1087x1536.jpg 1087w, https:\/\/www.upg-ploiesti.ro\/wp-content\/uploads\/2024\/10\/ue-28-2019-upg3_Page_3-scaled-1449x2048.jpg 1449w, https:\/\/www.upg-ploiesti.ro\/wp-content\/uploads\/2024\/10\/ue-28-2019-upg3_Page_3-scaled.jpg 1811w\" sizes=\"(max-width: 724px) 100vw, 724px\" \/>\t\t\t\t\t\t\t\t\t\t\t\t\t\t\t<\/div>\n\t\t\t\t<\/div>\n\t\t\t\t\t<\/div>\n\t\t\t\t<\/div>\n\t\t\t\t<\/div>\n\t\t","protected":false},"excerpt":{"rendered":"<p>Invita\u021bie laZilele Universitare EuropeneEdi\u021bia a VI-a13-16 mai 2019 Universitatea Petrol-Gaze din Ploie\u015fti, Societatea Antreprenorial\u0103 Studen\u021beasc\u0103,\u00a0\u00a0Facultatea de \u0218tiin\u021be Economice, Liga Studen\u021bilor din Centrul Universitar Ploie\u0219ti \u0219i Casa de Cultur\u0103 a Studen\u021bilor Ploie\u0219ti deruleaz\u0103,\u00a0\u00a0\u00een perioada\u00a013.05.2019- 16.05.2019,\u00a0ZILELE UNIVERSITARE EUROPENE. \u00cen cadrul\u00a0proiectului sunt organizate evenimente \u015ftiin\u0163ifice, educative \u015fi culturale, conform programului ata\u0219at. Ne face o deosebit\u0103 pl\u0103cere s\u0103 v\u0103 invit\u0103m la evenimentele incluse \u00een proiectul\u00a0ZILELE UNIVERSITARE EUROPENE\u00a0\u201e\u00ceMPREUN\u0102 PENTRU EUROPA\u201d. V\u0103 asigur\u0103m de \u00eenalta noastr\u0103 considera\u0163ie!<\/p>\n","protected":false},"author":1,"featured_media":0,"parent":0,"menu_order":0,"comment_status":"closed","ping_status":"closed","template":"","meta":{"_monsterinsights_skip_tracking":false,"_monsterinsights_sitenote_active":false,"_monsterinsights_sitenote_note":"","_monsterinsights_sitenote_category":0,"footnotes":""},"class_list":["post-8514","page","type-page","status-publish","hentry"],"_links":{"self":[{"href":"https:\/\/www.upg-ploiesti.ro\/index.php\/wp-json\/wp\/v2\/pages\/8514","targetHints":{"allow":["GET"]}}],"collection":[{"href":"https:\/\/www.upg-ploiesti.ro\/index.php\/wp-json\/wp\/v2\/pages"}],"about":[{"href":"https:\/\/www.upg-ploiesti.ro\/index.php\/wp-json\/wp\/v2\/types\/page"}],"author":[{"embeddable":true,"href":"https:\/\/www.upg-ploiesti.ro\/index.php\/wp-json\/wp\/v2\/users\/1"}],"replies":[{"embeddable":true,"href":"https:\/\/www.upg-ploiesti.ro\/index.php\/wp-json\/wp\/v2\/comments?post=8514"}],"version-history":[{"count":10,"href":"https:\/\/www.upg-ploiesti.ro\/index.php\/wp-json\/wp\/v2\/pages\/8514\/revisions"}],"predecessor-version":[{"id":8551,"href":"https:\/\/www.upg-ploiesti.ro\/index.php\/wp-json\/wp\/v2\/pages\/8514\/revisions\/8551"}],"wp:attachment":[{"href":"https:\/\/www.upg-ploiesti.ro\/index.php\/wp-json\/wp\/v2\/media?parent=8514"}],"curies":[{"name":"wp","href":"https:\/\/api.w.org\/{rel}","templated":true}]}}

Zilele universitare europene Ediția a VI-a 13-16 mai 2019

<div data-elementor-type="wp-page" data-elementor-id="8514" class="elementor elementor-8514">
				<div class="elementor-element elementor-element-db680e0 e-flex e-con-boxed wpr-particle-no wpr-jarallax-no wpr-parallax-no wpr-sticky-section-no wpr-equal-height-no e-con e-parent" data-id="db680e0" data-element_type="container" data-e-type="container">
					<div class="e-con-inner">
				<div class="elementor-element elementor-element-9865bae elementor-widget elementor-widget-heading" data-id="9865bae" data-element_type="widget" data-e-type="widget" data-widget_type="heading.default">
				<div class="elementor-widget-container">
					<h3 class="elementor-heading-title elementor-size-default">Invitație la<br>Zilele Universitare Europene<br>Ediția a VI-a<br>13-16 mai 2019</h3>				</div>
				</div>
				<div class="elementor-element elementor-element-6329a19 elementor-widget elementor-widget-text-editor" data-id="6329a19" data-element_type="widget" data-e-type="widget" data-widget_type="text-editor.default">
				<div class="elementor-widget-container">
									<p class="m-8178019162643399384m8937696470644048212gmail-m-7457213394803547444ydpcf8a893byiv3393409676ydpc010b58c" style="text-align: center;">Universitatea Petrol-Gaze din Ploieşti, Societatea Antreprenorială Studențească,  Facultatea de Științe Economice, Liga Studenților din Centrul Universitar Ploiești și Casa de Cultură a Studenților Ploiești derulează,  în perioada <b>13.05.2019- 16.05.2019, ZILELE UNIVERSITARE EUROPENE.</b></p><p class="m-8178019162643399384m8937696470644048212gmail-m-7457213394803547444ydpcf8a893byiv3393409676ydpc010b58c" style="text-align: center;">În cadrul proiectului sunt organizate evenimente ştiinţifice, educative şi culturale, conform programului atașat.</p><p class="m-8178019162643399384m8937696470644048212gmail-m-7457213394803547444ydpcf8a893byiv3393409676ydpc010b58c" style="text-align: center;">Ne face o deosebită plăcere să vă invităm la evenimentele incluse în proiectul <b>ZILELE UNIVERSITARE EUROPENE „ÎMPREUNĂ PENTRU EUROPA”</b>.</p><p class="m-8178019162643399384m8937696470644048212gmail-m-7457213394803547444ydpcf8a893byiv3393409676ydpc010b58cyiv5694323412ydp633aa43cyiv4429145347ydp796799ayiv9462649210ydp8ef46002yiv0116685643ydp703f17aayiv8820251938ydp991e94b1yiv5764166137ydpbcac226bmson" style="text-align: center;" align="center">Vă asigurăm de înalta noastră consideraţie!</p>								</div>
				</div>
				<div class="elementor-element elementor-element-96ac4f5 elementor-widget elementor-widget-image" data-id="96ac4f5" data-element_type="widget" data-e-type="widget" data-widget_type="image.default">
				<div class="elementor-widget-container">
															<img fetchpriority="high" decoding="async" width="724" height="1024" src="https://www.upg-ploiesti.ro/wp-content/uploads/2024/10/ue-28-2019-upg3asdas-scaled-724x1024.jpg" class="attachment-large size-large wp-image-8537" alt="" srcset="https://www.upg-ploiesti.ro/wp-content/uploads/2024/10/ue-28-2019-upg3asdas-scaled-724x1024.jpg 724w, https://www.upg-ploiesti.ro/wp-content/uploads/2024/10/ue-28-2019-upg3asdas-scaled-212x300.jpg 212w, https://www.upg-ploiesti.ro/wp-content/uploads/2024/10/ue-28-2019-upg3asdas-scaled-768x1086.jpg 768w, https://www.upg-ploiesti.ro/wp-content/uploads/2024/10/ue-28-2019-upg3asdas-scaled-1087x1536.jpg 1087w, https://www.upg-ploiesti.ro/wp-content/uploads/2024/10/ue-28-2019-upg3asdas-scaled-1449x2048.jpg 1449w, https://www.upg-ploiesti.ro/wp-content/uploads/2024/10/ue-28-2019-upg3asdas-scaled.jpg 1811w" sizes="(max-width: 724px) 100vw, 724px" />															</div>
				</div>
				<div class="elementor-element elementor-element-442c370 elementor-widget elementor-widget-image" data-id="442c370" data-element_type="widget" data-e-type="widget" data-widget_type="image.default">
				<div class="elementor-widget-container">
															<img decoding="async" width="724" height="1024" src="https://www.upg-ploiesti.ro/wp-content/uploads/2024/10/ue-28-2019-upg3_Page_3-scaled-724x1024.jpg" class="attachment-large size-large wp-image-8529" alt="" srcset="https://www.upg-ploiesti.ro/wp-content/uploads/2024/10/ue-28-2019-upg3_Page_3-scaled-724x1024.jpg 724w, https://www.upg-ploiesti.ro/wp-content/uploads/2024/10/ue-28-2019-upg3_Page_3-scaled-212x300.jpg 212w, https://www.upg-ploiesti.ro/wp-content/uploads/2024/10/ue-28-2019-upg3_Page_3-scaled-768x1086.jpg 768w, https://www.upg-ploiesti.ro/wp-content/uploads/2024/10/ue-28-2019-upg3_Page_3-scaled-1087x1536.jpg 1087w, https://www.upg-ploiesti.ro/wp-content/uploads/2024/10/ue-28-2019-upg3_Page_3-scaled-1449x2048.jpg 1449w, https://www.upg-ploiesti.ro/wp-content/uploads/2024/10/ue-28-2019-upg3_Page_3-scaled.jpg 1811w" sizes="(max-width: 724px) 100vw, 724px" />															</div>
				</div>
					</div>
				</div>
				</div>

<p>Invitație laZilele Universitare EuropeneEdiția a VI-a13-16 mai 2019 Universitatea Petrol-Gaze din Ploieşti, Societatea Antreprenorială Studențească,  Facultatea de Științe Economice, Liga Studenților din Centrul Universitar Ploiești și Casa de Cultură a Studenților Ploiești derulează,  în perioada 13.05.2019- 16.05.2019, ZILELE UNIVERSITARE EUROPENE. În cadrul proiectului sunt organizate evenimente ştiinţifice, educative şi culturale, conform programului atașat. Ne face o deosebită plăcere să vă invităm la evenimentele incluse în proiectul ZILELE UNIVERSITARE EUROPENE „ÎMPREUNĂ PENTRU EUROPA”. Vă asigurăm de înalta noastră consideraţie!</p>
